Last updated on 2025-04-30 04:50:08 CEST.
Flavor | Version | Tinstall | Tcheck | Ttotal | Status | Flags |
---|---|---|---|---|---|---|
r-devel-linux-x86_64-debian-clang | 1.5-7 | 14.54 | 205.05 | 219.59 | NOTE | |
r-devel-linux-x86_64-debian-gcc | 1.5-7 | 9.29 | 142.94 | 152.23 | NOTE | |
r-devel-linux-x86_64-fedora-clang | 1.5-7 | 321.64 | OK | |||
r-devel-linux-x86_64-fedora-gcc | 1.5-7 | 318.12 | OK | |||
r-devel-windows-x86_64 | 1.5-7 | 17.00 | 200.00 | 217.00 | OK | |
r-patched-linux-x86_64 | 1.5-7 | 14.80 | 194.84 | 209.64 | NOTE | |
r-release-linux-x86_64 | 1.5-7 | 13.45 | 195.91 | 209.36 | NOTE | |
r-release-macos-arm64 | 1.5-7 | 134.00 | OK | |||
r-release-macos-x86_64 | 1.5-7 | 176.00 | OK | |||
r-release-windows-x86_64 | 1.5-7 | 18.00 | 198.00 | 216.00 | OK | |
r-oldrel-macos-arm64 | 1.5-7 | 86.00 | OK | |||
r-oldrel-macos-x86_64 | 1.5-7 | 137.00 | OK | |||
r-oldrel-windows-x86_64 | 1.5-7 | 21.00 | 255.00 | 276.00 | OK |
Version: 1.5-7
Check: examples
Result: NOTE
Examples with CPU (user + system) or elapsed time > 5s
user system elapsed
estimateParameters 4.626 0.125 5.674
Flavor: r-devel-linux-x86_64-debian-clang
Version: 1.5-7
Check: for unstated dependencies in ‘demo’
Result: NOTE
'library' or 'require' call not declared from: ‘rworldmap’
Flavors: r-devel-linux-x86_64-debian-clang, r-devel-linux-x86_64-debian-gcc, r-patched-linux-x86_64, r-release-linux-x86_64