Last updated on 2025-04-30 04:50:08 CEST.
Flavor | Version | Tinstall | Tcheck | Ttotal | Status | Flags |
---|---|---|---|---|---|---|
r-devel-linux-x86_64-debian-clang | 0.0.1 | 3.87 | 33.30 | 37.17 | NOTE | |
r-devel-linux-x86_64-debian-gcc | 0.0.1 | 2.91 | 25.59 | 28.50 | NOTE | |
r-devel-linux-x86_64-fedora-clang | 0.0.1 | 58.21 | OK | |||
r-devel-linux-x86_64-fedora-gcc | 0.0.1 | 55.55 | OK | |||
r-devel-windows-x86_64 | 0.0.1 | 5.00 | 59.00 | 64.00 | OK | |
r-patched-linux-x86_64 | 0.0.1 | 3.82 | 32.17 | 35.99 | OK | |
r-release-linux-x86_64 | 0.0.1 | 3.73 | 32.46 | 36.19 | OK | |
r-release-macos-arm64 | 0.0.1 | 28.00 | OK | |||
r-release-macos-x86_64 | 0.0.1 | 41.00 | OK | |||
r-release-windows-x86_64 | 0.0.1 | 7.00 | 61.00 | 68.00 | OK | |
r-oldrel-macos-arm64 | 0.0.1 | 21.00 | NOTE | |||
r-oldrel-macos-x86_64 | 0.0.1 | 32.00 | NOTE | |||
r-oldrel-windows-x86_64 | 0.0.1 | 6.00 | 62.00 | 68.00 | NOTE |
Version: 0.0.1
Check: CRAN incoming feasibility
Result: NOTE
Maintainer: ‘Bastian Becker <bastian.becker@bayer.com>’
No Authors@R field in DESCRIPTION.
Please add one, modifying
Authors@R: c(person(given = "Bastian",
family = "Becker",
role = c("aut", "cre"),
email = "bastian.becker@bayer.com"),
person(given = "Katharina",
family = "Mueller",
role = "aut"),
person(given = "Hermann",
family = "Kulmann",
role = "aut"))
as necessary.
Flavors: r-devel-linux-x86_64-debian-clang, r-devel-linux-x86_64-debian-gcc
Version: 0.0.1
Check: LazyData
Result: NOTE
'LazyData' is specified without a 'data' directory
Flavors: r-oldrel-macos-arm64, r-oldrel-macos-x86_64, r-oldrel-windows-x86_64