Last updated on 2025-04-30 04:50:08 CEST.
Flavor | Version | Tinstall | Tcheck | Ttotal | Status | Flags |
---|---|---|---|---|---|---|
r-devel-linux-x86_64-debian-clang | 1.2.0 | 3.67 | 51.20 | 54.87 | NOTE | |
r-devel-linux-x86_64-debian-gcc | 1.2.0 | 2.33 | 36.53 | 38.86 | NOTE | |
r-devel-linux-x86_64-fedora-clang | 1.2.0 | 89.85 | OK | |||
r-devel-linux-x86_64-fedora-gcc | 1.2.0 | 103.17 | OK | |||
r-devel-windows-x86_64 | 1.2.0 | 4.00 | 82.00 | 86.00 | OK | |
r-patched-linux-x86_64 | 1.2.0 | 3.87 | 48.83 | 52.70 | OK | |
r-release-linux-x86_64 | 1.2.0 | 2.71 | 48.62 | 51.33 | OK | |
r-release-macos-arm64 | 1.2.0 | 34.00 | OK | |||
r-release-macos-x86_64 | 1.2.0 | 66.00 | OK | |||
r-release-windows-x86_64 | 1.2.0 | 4.00 | 77.00 | 81.00 | OK | |
r-oldrel-macos-arm64 | 1.2.0 | 32.00 | OK | |||
r-oldrel-macos-x86_64 | 1.2.0 | 60.00 | OK | |||
r-oldrel-windows-x86_64 | 1.2.0 | 6.00 | 86.00 | 92.00 | OK |
Version: 1.2.0
Check: CRAN incoming feasibility
Result: NOTE
Maintainer: ‘Kerstin Johnsson <kerstin.johnsson@hotmail.com>’
No Authors@R field in DESCRIPTION.
Please add one, modifying
Authors@R: c(person(given = "Kerstin",
family = "Johnsson",
role = c("aut", "cre"),
email = "kerstin.johnsson@hotmail.com"),
person(given = "Lund",
family = "University",
role = "aut"))
as necessary.
Flavors: r-devel-linux-x86_64-debian-clang, r-devel-linux-x86_64-debian-gcc
Version: 1.2.0
Check: examples
Result: NOTE
Examples with CPU (user + system) or elapsed time > 5s
user system elapsed
maxLik 6.033 0.022 6.835
Flavor: r-devel-linux-x86_64-debian-clang
Version: 1.2.0
Check: examples
Result: NOTE
Examples with CPU (user + system) or elapsed time > 5s
user system elapsed
maxLik 3.798 0.115 5.013
Flavor: r-devel-linux-x86_64-debian-gcc