CRAN Package Check Results for Package intrinsicFRP

Last updated on 2025-04-30 04:50:08 CEST.

Flavor Version Tinstall Tcheck Ttotal Status Flags
r-devel-linux-x86_64-debian-clang 2.1.0 161.45 250.93 412.38 OK
r-devel-linux-x86_64-debian-gcc 2.1.0 112.93 205.34 318.27 OK
r-devel-linux-x86_64-fedora-clang 2.1.0 693.68 OK
r-devel-linux-x86_64-fedora-gcc 2.1.0 836.63 OK
r-devel-windows-x86_64 2.1.0 173.00 300.00 473.00 OK
r-patched-linux-x86_64 2.1.0 161.82 320.79 482.61 OK
r-release-linux-x86_64 2.1.0 162.74 318.21 480.95 OK
r-release-macos-arm64 2.1.0 260.00 OK
r-release-macos-x86_64 2.1.0 466.00 OK
r-release-windows-x86_64 2.1.0 173.00 296.00 469.00 OK
r-oldrel-macos-arm64 2.1.0 241.00 NOTE
r-oldrel-macos-x86_64 2.1.0 323.00 NOTE
r-oldrel-windows-x86_64 2.1.0 194.00 443.00 637.00 OK

Check Details

Version: 2.1.0
Check: installed package size
Result: NOTE installed size is 9.9Mb sub-directories of 1Mb or more: libs 9.6Mb Flavors: r-oldrel-macos-arm64, r-oldrel-macos-x86_64