Last updated on 2025-04-30 04:50:08 CEST.
Flavor | Version | Tinstall | Tcheck | Ttotal | Status | Flags |
---|---|---|---|---|---|---|
r-devel-linux-x86_64-debian-clang | 1.0.1 | 21.72 | 30.55 | 52.27 | OK | |
r-devel-linux-x86_64-debian-gcc | 1.0.1 | 18.78 | 22.98 | 41.76 | OK | |
r-devel-linux-x86_64-fedora-clang | 1.0.1 | 91.19 | OK | |||
r-devel-linux-x86_64-fedora-gcc | 1.0.1 | 20.57 | ERROR | |||
r-devel-windows-x86_64 | 1.0.1 | 33.00 | 84.00 | 117.00 | OK | |
r-patched-linux-x86_64 | 1.0.1 | 25.83 | 28.05 | 53.88 | OK | |
r-release-linux-x86_64 | 1.0.1 | 28.02 | 27.91 | 55.93 | OK | |
r-release-macos-arm64 | 1.0.1 | 31.00 | OK | |||
r-release-macos-x86_64 | 1.0.1 | 53.00 | OK | |||
r-release-windows-x86_64 | 1.0.1 | 34.00 | 83.00 | 117.00 | OK | |
r-oldrel-macos-arm64 | 1.0.1 | 38.00 | OK | |||
r-oldrel-macos-x86_64 | 1.0.1 | 59.00 | OK | |||
r-oldrel-windows-x86_64 | 1.0.1 | 31.00 | 88.00 | 119.00 | OK |
Version: 1.0.1
Check: whether package can be installed
Result: ERROR
Installation failed.
Flavor: r-devel-linux-x86_64-fedora-gcc