Last updated on 2025-04-30 04:50:09 CEST.
Flavor | Version | Tinstall | Tcheck | Ttotal | Status | Flags |
---|---|---|---|---|---|---|
r-devel-linux-x86_64-debian-clang | 1.4.2 | 3.32 | 44.80 | 48.12 | NOTE | |
r-devel-linux-x86_64-debian-gcc | 1.4.2 | 2.55 | 34.01 | 36.56 | NOTE | |
r-devel-linux-x86_64-fedora-clang | 1.4.2 | 74.66 | OK | |||
r-devel-linux-x86_64-fedora-gcc | 1.4.2 | 85.22 | OK | |||
r-devel-windows-x86_64 | 1.4.2 | 5.00 | 92.00 | 97.00 | OK | |
r-patched-linux-x86_64 | 1.4.2 | 3.94 | 42.25 | 46.19 | OK | |
r-release-linux-x86_64 | 1.4.2 | 3.51 | 42.68 | 46.19 | OK | |
r-release-macos-arm64 | 1.4.2 | 46.00 | OK | |||
r-release-macos-x86_64 | 1.4.2 | 91.00 | OK | |||
r-release-windows-x86_64 | 1.4.2 | 5.00 | 90.00 | 95.00 | OK | |
r-oldrel-macos-arm64 | 1.4.2 | 32.00 | OK | |||
r-oldrel-macos-x86_64 | 1.4.2 | 80.00 | OK | |||
r-oldrel-windows-x86_64 | 1.4.2 | 5.00 | 86.00 | 91.00 | OK |
Version: 1.4.2
Check: CRAN incoming feasibility
Result: NOTE
Maintainer: ‘Brandon M. Greenwell <greenwell.brandon@gmail.com>’
No Authors@R field in DESCRIPTION.
Please add one, modifying
Authors@R: person(given = c("Brandon", "M."),
family = "Greenwell",
role = c("aut", "cre"),
email = "greenwell.brandon@gmail.com")
as necessary.
Package CITATION file contains call(s) to old-style personList() or
as.personList(). Please use c() on person objects instead.
Package CITATION file contains call(s) to old-style citEntry(). Please
use bibentry() instead.
Flavors: r-devel-linux-x86_64-debian-clang, r-devel-linux-x86_64-debian-gcc