CRAN Package Check Results for Package ioncopy

Last updated on 2025-04-30 04:50:09 CEST.

Flavor Version Tinstall Tcheck Ttotal Status Flags
r-devel-linux-x86_64-debian-clang 2.2.2 2.68 24.24 26.92 NOTE
r-devel-linux-x86_64-debian-gcc 2.2.2 1.98 19.02 21.00 NOTE
r-devel-linux-x86_64-fedora-clang 2.2.2 42.18 OK
r-devel-linux-x86_64-fedora-gcc 2.2.2 40.45 OK
r-devel-windows-x86_64 2.2.2 4.00 47.00 51.00 OK
r-patched-linux-x86_64 2.2.2 2.77 23.53 26.30 OK
r-release-linux-x86_64 2.2.2 2.39 23.64 26.03 OK
r-release-macos-arm64 2.2.2 22.00 OK
r-release-macos-x86_64 2.2.2 32.00 OK
r-release-windows-x86_64 2.2.2 4.00 48.00 52.00 OK
r-oldrel-macos-arm64 2.2.2 17.00 OK
r-oldrel-macos-x86_64 2.2.2 25.00 OK
r-oldrel-windows-x86_64 2.2.2 5.00 49.00 54.00 OK

Check Details

Version: 2.2.2
Check: CRAN incoming feasibility
Result: NOTE Maintainer: ‘Jan Budczies <jan.budczies@med.uni-heidelberg.de>’ No Authors@R field in DESCRIPTION. Please add one, modifying Authors@R: c(person(given = "Jan", family = "Budczies", role = c("aut", "cre"), email = "jan.budczies@med.uni-heidelberg.de"), person(given = "Eva", family = "Romanovsky", role = "aut")) as necessary. Flavors: r-devel-linux-x86_64-debian-clang, r-devel-linux-x86_64-debian-gcc