CRAN Package Check Results for Package iotarelr

Last updated on 2025-04-30 04:50:09 CEST.

Flavor Version Tinstall Tcheck Ttotal Status Flags
r-devel-linux-x86_64-debian-clang 0.1.5 20.00 442.46 462.46 NOTE
r-devel-linux-x86_64-debian-gcc 0.1.5 14.33 259.17 273.50 NOTE
r-devel-linux-x86_64-fedora-clang 0.1.5 663.93 OK
r-devel-linux-x86_64-fedora-gcc 0.1.5 666.45 OK
r-devel-windows-x86_64 0.1.5 24.00 400.00 424.00 NOTE
r-patched-linux-x86_64 0.1.5 20.44 426.85 447.29 NOTE
r-release-linux-x86_64 0.1.5 19.38 413.26 432.64 NOTE
r-release-macos-arm64 0.1.5 227.00 OK
r-release-macos-x86_64 0.1.5 446.00 OK
r-release-windows-x86_64 0.1.5 24.00 400.00 424.00 NOTE
r-oldrel-macos-arm64 0.1.5 215.00 OK
r-oldrel-macos-x86_64 0.1.5 478.00 OK
r-oldrel-windows-x86_64 0.1.5 28.00 515.00 543.00 OK

Check Details

Version: 0.1.5
Check: Rd cross-references
Result: NOTE Found the following Rd file(s) with Rd \link{} targets missing package anchors: plot_iota.Rd: ggplot2 plot_iota2_alluvial.Rd: ggplot2 Please provide package anchors for all Rd \link{} targets not in the package itself and the base packages. Flavors: r-devel-linux-x86_64-debian-clang, r-devel-linux-x86_64-debian-gcc, r-devel-windows-x86_64, r-patched-linux-x86_64, r-release-linux-x86_64, r-release-windows-x86_64