CRAN Package Check Results for Package ipaddress

Last updated on 2025-04-30 04:50:09 CEST.

Flavor Version Tinstall Tcheck Ttotal Status Flags
r-devel-linux-x86_64-debian-clang 1.0.2 85.00 64.58 149.58 OK
r-devel-linux-x86_64-debian-gcc 1.0.2 66.70 47.14 113.84 OK
r-devel-linux-x86_64-fedora-clang 1.0.2 292.55 OK
r-devel-linux-x86_64-fedora-gcc 1.0.2 305.44 OK
r-devel-windows-x86_64 1.0.2 114.00 105.00 219.00 OK
r-patched-linux-x86_64 1.0.2 89.33 61.43 150.76 OK
r-release-linux-x86_64 1.0.2 91.59 61.21 152.80 OK
r-release-macos-arm64 1.0.2 103.00 OK
r-release-macos-x86_64 1.0.2 173.00 OK
r-release-windows-x86_64 1.0.2 113.00 109.00 222.00 OK
r-oldrel-macos-arm64 1.0.2 90.00 NOTE
r-oldrel-macos-x86_64 1.0.2 104.00 NOTE
r-oldrel-windows-x86_64 1.0.2 125.00 134.00 259.00 OK

Check Details

Version: 1.0.2
Check: installed package size
Result: NOTE installed size is 6.9Mb sub-directories of 1Mb or more: libs 6.4Mb Flavors: r-oldrel-macos-arm64, r-oldrel-macos-x86_64