Last updated on 2025-04-30 04:50:09 CEST.
Flavor | Version | Tinstall | Tcheck | Ttotal | Status | Flags |
---|---|---|---|---|---|---|
r-devel-linux-x86_64-debian-clang | 1.0.2 | 4.91 | 133.34 | 138.25 | OK | |
r-devel-linux-x86_64-debian-gcc | 1.0.2 | 3.73 | 96.30 | 100.03 | OK | |
r-devel-linux-x86_64-fedora-clang | 1.0.2 | 213.63 | OK | |||
r-devel-linux-x86_64-fedora-gcc | 1.0.2 | 216.80 | OK | |||
r-devel-windows-x86_64 | 1.0.2 | 7.00 | 130.00 | 137.00 | OK | |
r-patched-linux-x86_64 | 1.0.2 | 5.87 | 128.33 | 134.20 | OK | |
r-release-linux-x86_64 | 1.0.2 | 5.37 | 127.37 | 132.74 | OK | |
r-release-macos-arm64 | 1.0.2 | 64.00 | OK | |||
r-release-macos-x86_64 | 1.0.2 | 136.00 | OK | |||
r-release-windows-x86_64 | 1.0.2 | 7.00 | 130.00 | 137.00 | OK | |
r-oldrel-macos-arm64 | 1.0.2 | 65.00 | NOTE | |||
r-oldrel-macos-x86_64 | 1.0.2 | 102.00 | NOTE | |||
r-oldrel-windows-x86_64 | 1.0.2 | 8.00 | 172.00 | 180.00 | NOTE |
Version: 1.0.2
Check: LazyData
Result: NOTE
'LazyData' is specified without a 'data' directory
Flavors: r-oldrel-macos-arm64, r-oldrel-macos-x86_64, r-oldrel-windows-x86_64