Last updated on 2025-02-21 03:52:15 CET.
Flavor | Version | Tinstall | Tcheck | Ttotal | Status | Flags |
---|---|---|---|---|---|---|
r-devel-linux-x86_64-debian-clang | 1.0.2 | 5.60 | 134.13 | 139.73 | OK | |
r-devel-linux-x86_64-debian-gcc | 1.0.2 | 3.26 | 91.21 | 94.47 | OK | |
r-devel-linux-x86_64-fedora-clang | 1.0.2 | 236.88 | OK | |||
r-devel-linux-x86_64-fedora-gcc | 1.0.2 | 220.99 | OK | |||
r-devel-macos-arm64 | 1.0.2 | 66.00 | OK | |||
r-devel-macos-x86_64 | 1.0.2 | 136.00 | OK | |||
r-devel-windows-x86_64 | 1.0.2 | 7.00 | 127.00 | 134.00 | OK | |
r-patched-linux-x86_64 | 1.0.2 | 5.35 | 122.10 | 127.45 | NOTE | |
r-release-linux-x86_64 | 1.0.2 | 4.28 | 121.54 | 125.82 | NOTE | |
r-release-macos-arm64 | 1.0.2 | 65.00 | NOTE | |||
r-release-macos-x86_64 | 1.0.2 | 102.00 | NOTE | |||
r-release-windows-x86_64 | 1.0.2 | 8.00 | 126.00 | 134.00 | NOTE | |
r-oldrel-macos-arm64 | 1.0.2 | 79.00 | NOTE | |||
r-oldrel-macos-x86_64 | 1.0.2 | 121.00 | NOTE | |||
r-oldrel-windows-x86_64 | 1.0.2 | 9.00 | 157.00 | 166.00 | NOTE |
Version: 1.0.2
Check: LazyData
Result: NOTE
'LazyData' is specified without a 'data' directory
Flavors: r-patched-linux-x86_64, r-release-linux-x86_64, r-release-macos-arm64, r-release-macos-x86_64, r-release-windows-x86_64, r-oldrel-macos-arm64, r-oldrel-macos-x86_64, r-oldrel-windows-x86_64