CRAN Package Check Results for Package ipw

Last updated on 2025-04-30 04:50:09 CEST.

Flavor Version Tinstall Tcheck Ttotal Status Flags
r-devel-linux-x86_64-debian-clang 1.2.1 10.58 81.43 92.01 NOTE
r-devel-linux-x86_64-debian-gcc 1.2.1 7.19 59.78 66.97 NOTE
r-devel-linux-x86_64-fedora-clang 1.2.1 141.43 OK
r-devel-linux-x86_64-fedora-gcc 1.2.1 136.01 OK
r-devel-windows-x86_64 1.2.1 10.00 93.00 103.00 NOTE
r-patched-linux-x86_64 1.2.1 8.69 78.28 86.97 NOTE
r-release-linux-x86_64 1.2.1 8.29 77.81 86.10 NOTE
r-release-macos-arm64 1.2.1 41.00 OK
r-release-macos-x86_64 1.2.1 80.00 OK
r-release-windows-x86_64 1.2.1 11.00 94.00 105.00 NOTE
r-oldrel-macos-arm64 1.2.1 41.00 OK
r-oldrel-macos-x86_64 1.2.1 60.00 OK
r-oldrel-windows-x86_64 1.2.1 14.00 112.00 126.00 OK

Check Details

Version: 1.2.1
Check: CRAN incoming feasibility
Result: NOTE Maintainer: ‘Willem M. van der Wal <willem@vanderwalresearch.com>’ Package CITATION file contains call(s) to old-style personList() or as.personList(). Please use c() on person objects instead. Package CITATION file contains call(s) to old-style citEntry(). Please use bibentry() instead. Flavors: r-devel-linux-x86_64-debian-clang, r-devel-linux-x86_64-debian-gcc

Version: 1.2.1
Check: Rd cross-references
Result: NOTE Found the following Rd file(s) with Rd \link{} targets missing package anchors: ipwpoint.Rd: multinom, polr ipwtm.Rd: coxph, multinom, polr, geeglm Please provide package anchors for all Rd \link{} targets not in the package itself and the base packages. Flavors: r-devel-linux-x86_64-debian-clang, r-devel-linux-x86_64-debian-gcc, r-devel-windows-x86_64, r-patched-linux-x86_64, r-release-linux-x86_64, r-release-windows-x86_64

Version: 1.2.1
Check: examples
Result: NOTE Examples with CPU (user + system) or elapsed time > 5s user system elapsed ipwtm 6.483 0.199 8.364 Flavor: r-devel-linux-x86_64-debian-clang

Version: 1.2.1
Check: examples
Result: NOTE Examples with CPU (user + system) or elapsed time > 5s user system elapsed ipwtm 5.112 0.259 7.386 Flavor: r-devel-linux-x86_64-debian-gcc