Last updated on 2025-04-30 04:50:09 CEST.
Flavor | Version | Tinstall | Tcheck | Ttotal | Status | Flags |
---|---|---|---|---|---|---|
r-devel-linux-x86_64-debian-clang | 1.10.1 | 18.17 | 31.79 | 49.96 | OK | |
r-devel-linux-x86_64-debian-gcc | 1.10.1 | 14.09 | 24.88 | 38.97 | OK | |
r-devel-linux-x86_64-fedora-clang | 1.10.1 | 83.87 | OK | |||
r-devel-linux-x86_64-fedora-gcc | 1.10.1 | 100.49 | OK | |||
r-devel-windows-x86_64 | 1.10.1 | 23.00 | 77.00 | 100.00 | OK | |
r-patched-linux-x86_64 | 1.10.1 | 20.66 | 31.44 | 52.10 | OK | |
r-release-linux-x86_64 | 1.10.1 | 21.44 | 31.39 | 52.83 | OK | |
r-release-macos-arm64 | 1.10.1 | 35.00 | OK | |||
r-release-macos-x86_64 | 1.10.1 | 75.00 | OK | |||
r-release-windows-x86_64 | 1.10.1 | 22.00 | 81.00 | 103.00 | OK | |
r-oldrel-macos-arm64 | 1.10.1 | 51.00 | NOTE | |||
r-oldrel-macos-x86_64 | 1.10.1 | 108.00 | NOTE | |||
r-oldrel-windows-x86_64 | 1.10.1 | 24.00 | 87.00 | 111.00 | OK |
Version: 1.10.1
Check: installed package size
Result: NOTE
installed size is 7.1Mb
sub-directories of 1Mb or more:
libs 6.5Mb
Flavors: r-oldrel-macos-arm64, r-oldrel-macos-x86_64