Last updated on 2025-11-03 03:49:44 CET.
| Flavor | Version | Tinstall | Tcheck | Ttotal | Status | Flags |
|---|---|---|---|---|---|---|
| r-devel-linux-x86_64-debian-clang | 1.0 | 4.71 | 46.34 | 51.05 | NOTE | |
| r-devel-linux-x86_64-debian-gcc | 1.0 | 3.46 | 33.95 | 37.41 | NOTE | |
| r-devel-linux-x86_64-fedora-clang | 1.0 | 25.00 | 55.99 | 80.99 | OK | |
| r-devel-linux-x86_64-fedora-gcc | 1.0 | 11.00 | 70.15 | 81.15 | OK | |
| r-devel-windows-x86_64 | 1.0 | 7.00 | 71.00 | 78.00 | OK | |
| r-patched-linux-x86_64 | 1.0 | 5.59 | 43.28 | 48.87 | OK | |
| r-release-linux-x86_64 | 1.0 | 4.98 | 43.59 | 48.57 | OK | |
| r-release-macos-arm64 | 1.0 | 2.00 | 31.00 | 33.00 | OK | |
| r-release-macos-x86_64 | 1.0 | 5.00 | 64.00 | 69.00 | OK | |
| r-release-windows-x86_64 | 1.0 | 5.00 | 70.00 | 75.00 | OK | |
| r-oldrel-macos-arm64 | 1.0 | 2.00 | 29.00 | 31.00 | OK | |
| r-oldrel-macos-x86_64 | 1.0 | 3.00 | 60.00 | 63.00 | OK | |
| r-oldrel-windows-x86_64 | 1.0 | 7.00 | 85.00 | 92.00 | OK |
Version: 1.0
Check: CRAN incoming feasibility
Result: NOTE
Maintainer: ‘Kilem L. Gwet <gwet@agreestat.com>’
No Authors@R field in DESCRIPTION.
Please add one, modifying
Authors@R: c(person(given = c("Kilem", "L."),
family = "Gwet",
role = c("aut", "cre"),
email = "gwet@agreestat.com"),
person(family = "Ph.D.",
role = "aut"))
as necessary.
Flavors: r-devel-linux-x86_64-debian-clang, r-devel-linux-x86_64-debian-gcc