Last updated on 2025-04-30 04:50:09 CEST.
Flavor | Version | Tinstall | Tcheck | Ttotal | Status | Flags |
---|---|---|---|---|---|---|
r-devel-linux-x86_64-debian-clang | 0.2.2 | 10.57 | 99.88 | 110.45 | NOTE | |
r-devel-linux-x86_64-debian-gcc | 0.2.2 | 7.45 | 72.14 | 79.59 | OK | |
r-devel-linux-x86_64-fedora-clang | 0.2.2 | 167.27 | OK | |||
r-devel-linux-x86_64-fedora-gcc | 0.2.2 | 177.98 | OK | |||
r-devel-windows-x86_64 | 0.2.2 | 14.00 | 116.00 | 130.00 | OK | |
r-patched-linux-x86_64 | 0.2.2 | 11.07 | 95.04 | 106.11 | OK | |
r-release-linux-x86_64 | 0.2.2 | 10.25 | 94.48 | 104.73 | OK | |
r-release-macos-arm64 | 0.2.2 | 74.00 | OK | |||
r-release-macos-x86_64 | 0.2.2 | 132.00 | OK | |||
r-release-windows-x86_64 | 0.2.2 | 16.00 | 115.00 | 131.00 | OK | |
r-oldrel-macos-arm64 | 0.2.2 | 48.00 | OK | |||
r-oldrel-macos-x86_64 | 0.2.2 | 80.00 | OK | |||
r-oldrel-windows-x86_64 | 0.2.2 | 18.00 | 137.00 | 155.00 | OK |
Version: 0.2.2
Check: examples
Result: NOTE
Examples with CPU (user + system) or elapsed time > 5s
user system elapsed
dpv 5.186 0.085 7.814
Flavor: r-devel-linux-x86_64-debian-clang