Last updated on 2025-04-30 04:50:09 CEST.
Flavor | Version | Tinstall | Tcheck | Ttotal | Status | Flags |
---|---|---|---|---|---|---|
r-devel-linux-x86_64-debian-clang | 1.0.3 | 3.89 | 223.73 | 227.62 | NOTE | |
r-devel-linux-x86_64-debian-gcc | 1.0.3 | 2.87 | 149.61 | 152.48 | NOTE | |
r-devel-linux-x86_64-fedora-clang | 1.0.3 | 372.56 | NOTE | |||
r-devel-linux-x86_64-fedora-gcc | 1.0.3 | 391.27 | NOTE | |||
r-devel-windows-x86_64 | 1.0.3 | 5.00 | 278.00 | 283.00 | NOTE | |
r-patched-linux-x86_64 | 1.0.3 | 2.98 | 214.88 | 217.86 | NOTE | |
r-release-linux-x86_64 | 1.0.3 | 3.82 | 213.76 | 217.58 | NOTE | |
r-release-macos-arm64 | 1.0.3 | 108.00 | NOTE | |||
r-release-macos-x86_64 | 1.0.3 | 226.00 | NOTE | |||
r-release-windows-x86_64 | 1.0.3 | 6.00 | 278.00 | 284.00 | NOTE | |
r-oldrel-macos-arm64 | 1.0.3 | 106.00 | OK | |||
r-oldrel-macos-x86_64 | 1.0.3 | 177.00 | OK | |||
r-oldrel-windows-x86_64 | 1.0.3 | 8.00 | 340.00 | 348.00 | OK |
Version: 1.0.3
Check: DESCRIPTION meta-information
Result: NOTE
Missing dependency on R >= 4.1.0 because package code uses the pipe
|> or function shorthand \(...) syntax added in R 4.1.0.
File(s) using such syntax:
‘calc.pvalues.R’ ‘helper.R’ ‘hypothesis_templates.R’ ‘irtpwr.R’
‘mml.fit.R’ ‘setup.data.R’
Flavors: r-devel-linux-x86_64-debian-clang, r-devel-linux-x86_64-debian-gcc, r-devel-linux-x86_64-fedora-clang, r-devel-linux-x86_64-fedora-gcc, r-devel-windows-x86_64, r-patched-linux-x86_64, r-release-linux-x86_64, r-release-macos-arm64, r-release-macos-x86_64, r-release-windows-x86_64