Last updated on 2025-04-30 04:50:09 CEST.
Flavor | Version | Tinstall | Tcheck | Ttotal | Status | Flags |
---|---|---|---|---|---|---|
r-devel-linux-x86_64-debian-clang | 1.0.0 | 5.95 | 256.32 | 262.27 | NOTE | |
r-devel-linux-x86_64-debian-gcc | 1.0.0 | 3.71 | 186.72 | 190.43 | NOTE | |
r-devel-linux-x86_64-fedora-clang | 1.0.0 | 397.85 | OK | |||
r-devel-linux-x86_64-fedora-gcc | 1.0.0 | 443.51 | OK | |||
r-devel-windows-x86_64 | 1.0.0 | 8.00 | 340.00 | 348.00 | OK | |
r-patched-linux-x86_64 | 1.0.0 | 5.79 | 263.82 | 269.61 | OK | |
r-release-linux-x86_64 | 1.0.0 | 5.73 | 263.49 | 269.22 | OK | |
r-release-macos-arm64 | 1.0.0 | 129.00 | OK | |||
r-release-macos-x86_64 | 1.0.0 | 298.00 | OK | |||
r-release-windows-x86_64 | 1.0.0 | 9.00 | 341.00 | 350.00 | OK | |
r-oldrel-macos-arm64 | 1.0.0 | 125.00 | OK | |||
r-oldrel-macos-x86_64 | 1.0.0 | 208.00 | OK | |||
r-oldrel-windows-x86_64 | 1.0.0 | 10.00 | 414.00 | 424.00 | OK |
Version: 1.0.0
Check: CRAN incoming feasibility
Result: NOTE
Maintainer: ‘Ivailo Partchev <partchev@gmail.com>’
No Authors@R field in DESCRIPTION.
Please add one, modifying
Authors@R: c(person(given = "Zhaojun",
family = "Li",
role = "aut"),
person(given = "Ivailo",
family = "Partchev",
role = c("aut", "cre"),
email = "partchev@gmail.com"),
person(given = "Paul",
family = "De Boeck",
role = "aut"))
as necessary.
Package CITATION file contains call(s) to old-style personList() or
as.personList(). Please use c() on person objects instead.
Package CITATION file contains call(s) to old-style citEntry(). Please
use bibentry() instead.
Flavors: r-devel-linux-x86_64-debian-clang, r-devel-linux-x86_64-debian-gcc