CRAN Package Check Results for Package irtreliability

Last updated on 2025-04-30 04:50:09 CEST.

Flavor Version Tinstall Tcheck Ttotal Status Flags
r-devel-linux-x86_64-debian-clang 0.1-1 13.76 96.19 109.95 NOTE
r-devel-linux-x86_64-debian-gcc 0.1-1 9.22 66.48 75.70 NOTE
r-devel-linux-x86_64-fedora-clang 0.1-1 168.27 OK
r-devel-linux-x86_64-fedora-gcc 0.1-1 161.11 OK
r-devel-windows-x86_64 0.1-1 14.00 99.00 113.00 OK
r-patched-linux-x86_64 0.1-1 11.10 89.51 100.61 OK
r-release-linux-x86_64 0.1-1 12.52 89.31 101.83 OK
r-release-macos-arm64 0.1-1 47.00 OK
r-release-macos-x86_64 0.1-1 90.00 OK
r-release-windows-x86_64 0.1-1 15.00 100.00 115.00 OK
r-oldrel-macos-arm64 0.1-1 40.00 OK
r-oldrel-macos-x86_64 0.1-1 68.00 OK
r-oldrel-windows-x86_64 0.1-1 19.00 118.00 137.00 OK

Check Details

Version: 0.1-1
Check: CRAN incoming feasibility
Result: NOTE Maintainer: ‘Bjorn Andersson <bjoern.h.andersson@gmail.com>’ No Authors@R field in DESCRIPTION. Please add one, modifying Authors@R: person(given = "Bjorn", family = "Andersson", role = c("aut", "cre"), email = "bjoern.h.andersson@gmail.com") as necessary. Flavors: r-devel-linux-x86_64-debian-clang, r-devel-linux-x86_64-debian-gcc