CRAN Package Check Results for Package iso8601

Last updated on 2025-04-30 04:50:09 CEST.

Flavor Version Tinstall Tcheck Ttotal Status Flags
r-devel-linux-x86_64-debian-clang 0.1.2 36.04 27.82 63.86 NOTE
r-devel-linux-x86_64-debian-gcc 0.1.2 25.58 22.52 48.10 NOTE
r-devel-linux-x86_64-fedora-clang 0.1.2 138.00 NOTE
r-devel-linux-x86_64-fedora-gcc 0.1.2 108.85 NOTE
r-devel-windows-x86_64 0.1.2 44.00 68.00 112.00 NOTE
r-patched-linux-x86_64 0.1.2 34.97 26.01 60.98 NOTE
r-release-linux-x86_64 0.1.2 34.44 25.98 60.42 NOTE
r-release-macos-arm64 0.1.2 32.00 NOTE
r-release-macos-x86_64 0.1.2 64.00 NOTE
r-release-windows-x86_64 0.1.2 46.00 69.00 115.00 NOTE
r-oldrel-macos-arm64 0.1.2 39.00 OK
r-oldrel-macos-x86_64 0.1.2 58.00 OK
r-oldrel-windows-x86_64 0.1.2 43.00 81.00 124.00 OK

Check Details

Version: 0.1.2
Check: DESCRIPTION meta-information
Result: NOTE Missing dependency on R >= 4.1.0 because package code uses the pipe |> or function shorthand \(...) syntax added in R 4.1.0. File(s) using such syntax: ‘iso8601todataframe.R’ Flavors: r-devel-linux-x86_64-debian-clang, r-devel-linux-x86_64-debian-gcc, r-devel-linux-x86_64-fedora-clang, r-devel-linux-x86_64-fedora-gcc, r-devel-windows-x86_64, r-patched-linux-x86_64, r-release-linux-x86_64, r-release-macos-arm64, r-release-macos-x86_64, r-release-windows-x86_64