Last updated on 2025-04-30 04:50:09 CEST.
Flavor | Version | Tinstall | Tcheck | Ttotal | Status | Flags |
---|---|---|---|---|---|---|
r-devel-linux-x86_64-debian-clang | 1.0.1 | 2.77 | 27.45 | 30.22 | NOTE | |
r-devel-linux-x86_64-debian-gcc | 1.0.1 | 2.33 | 20.53 | 22.86 | NOTE | |
r-devel-linux-x86_64-fedora-clang | 1.0.1 | 47.03 | OK | |||
r-devel-linux-x86_64-fedora-gcc | 1.0.1 | 45.06 | OK | |||
r-devel-windows-x86_64 | 1.0.1 | 5.00 | 48.00 | 53.00 | OK | |
r-patched-linux-x86_64 | 1.0.1 | 3.28 | 26.25 | 29.53 | OK | |
r-release-linux-x86_64 | 1.0.1 | 2.74 | 27.17 | 29.91 | OK | |
r-release-macos-arm64 | 1.0.1 | 18.00 | OK | |||
r-release-macos-x86_64 | 1.0.1 | 31.00 | OK | |||
r-release-windows-x86_64 | 1.0.1 | 4.00 | 49.00 | 53.00 | OK | |
r-oldrel-macos-arm64 | 1.0.1 | 18.00 | OK | |||
r-oldrel-macos-x86_64 | 1.0.1 | 25.00 | OK | |||
r-oldrel-windows-x86_64 | 1.0.1 | 4.00 | 52.00 | 56.00 | OK |
Version: 1.0.1
Check: CRAN incoming feasibility
Result: NOTE
Maintainer: ‘David Conde <dconde@eio.uva.es>’
Package CITATION file contains call(s) to old-style personList() or
as.personList(). Please use c() on person objects instead.
Package CITATION file contains call(s) to old-style citEntry(). Please
use bibentry() instead.
Flavors: r-devel-linux-x86_64-debian-clang, r-devel-linux-x86_64-debian-gcc