CRAN Package Check Results for Package isocalcR

Last updated on 2025-04-30 04:50:09 CEST.

Flavor Version Tinstall Tcheck Ttotal Status Flags
r-devel-linux-x86_64-debian-clang 0.1.1 2.23 31.54 33.77 NOTE
r-devel-linux-x86_64-debian-gcc 0.1.1 1.67 25.01 26.68 NOTE
r-devel-linux-x86_64-fedora-clang 0.1.1 51.68 OK
r-devel-linux-x86_64-fedora-gcc 0.1.1 62.14 OK
r-devel-windows-x86_64 0.1.1 3.00 59.00 62.00 OK
r-patched-linux-x86_64 0.1.1 2.60 29.47 32.07 OK
r-release-linux-x86_64 0.1.1 2.26 28.66 30.92 OK
r-release-macos-arm64 0.1.1 26.00 OK
r-release-macos-x86_64 0.1.1 46.00 OK
r-release-windows-x86_64 0.1.1 4.00 59.00 63.00 OK
r-oldrel-macos-arm64 0.1.1 26.00 OK
r-oldrel-macos-x86_64 0.1.1 43.00 OK
r-oldrel-windows-x86_64 0.1.1 3.00 63.00 66.00 OK

Check Details

Version: 0.1.1
Check: CRAN incoming feasibility
Result: NOTE Maintainer: ‘Justin Mathias <justin.m.mathias@gmail.com>’ No Authors@R field in DESCRIPTION. Please add one, modifying Authors@R: person(given = "Justin", family = "Mathias", role = c("aut", "cre"), email = "justin.m.mathias@gmail.com") as necessary. Flavors: r-devel-linux-x86_64-debian-clang, r-devel-linux-x86_64-debian-gcc