Last updated on 2025-04-30 04:50:09 CEST.
Flavor | Version | Tinstall | Tcheck | Ttotal | Status | Flags |
---|---|---|---|---|---|---|
r-devel-linux-x86_64-debian-clang | 0.1.0 | 23.39 | 78.23 | 101.62 | NOTE | |
r-devel-linux-x86_64-debian-gcc | 0.1.0 | 18.91 | 57.84 | 76.75 | NOTE | |
r-devel-linux-x86_64-fedora-clang | 0.1.0 | 169.49 | NOTE | |||
r-devel-linux-x86_64-fedora-gcc | 0.1.0 | 175.91 | NOTE | |||
r-devel-windows-x86_64 | 0.1.0 | 30.00 | 118.00 | 148.00 | OK | |
r-patched-linux-x86_64 | 0.1.0 | 23.20 | 75.38 | 98.58 | OK | |
r-release-linux-x86_64 | 0.1.0 | 25.20 | 75.42 | 100.62 | OK | |
r-release-macos-arm64 | 0.1.0 | 62.00 | OK | |||
r-release-macos-x86_64 | 0.1.0 | 96.00 | OK | |||
r-release-windows-x86_64 | 0.1.0 | 31.00 | 118.00 | 149.00 | OK | |
r-oldrel-macos-arm64 | 0.1.0 | 55.00 | OK | |||
r-oldrel-macos-x86_64 | 0.1.0 | 73.00 | OK | |||
r-oldrel-windows-x86_64 | 0.1.0 | 32.00 | 131.00 | 163.00 | OK |
Version: 0.1.0
Check: CRAN incoming feasibility
Result: NOTE
Maintainer: ‘Alexander Henzi <henzi.alexander@gmail.com>’
Package CITATION file contains call(s) to old-style citEntry(). Please
use bibentry() instead.
The Description field contains
See Henzi, Ziegel, Gneiting (2020) <arXiv:1909.03725>.
Please refer to arXiv e-prints via their arXiv DOI <doi:10.48550/arXiv.YYMM.NNNNN>.
Flavors: r-devel-linux-x86_64-debian-clang, r-devel-linux-x86_64-debian-gcc
Version: 0.1.0
Check: dependencies in R code
Result: NOTE
Namespace in Imports field not imported from: ‘Rcpp’
All declared Imports should be used.
Flavors: r-devel-linux-x86_64-fedora-clang, r-devel-linux-x86_64-fedora-gcc