Last updated on 2025-04-30 04:50:09 CEST.
Flavor | Version | Tinstall | Tcheck | Ttotal | Status | Flags |
---|---|---|---|---|---|---|
r-devel-linux-x86_64-debian-clang | 1.4.0 | 3.84 | 37.50 | 41.34 | NOTE | |
r-devel-linux-x86_64-debian-gcc | 1.4.0 | 2.45 | 28.37 | 30.82 | NOTE | |
r-devel-linux-x86_64-fedora-clang | 1.4.0 | 61.39 | OK | |||
r-devel-linux-x86_64-fedora-gcc | 1.4.0 | 59.79 | OK | |||
r-devel-windows-x86_64 | 1.4.0 | 6.00 | 72.00 | 78.00 | OK | |
r-patched-linux-x86_64 | 1.4.0 | 4.64 | 34.89 | 39.53 | OK | |
r-release-linux-x86_64 | 1.4.0 | 3.78 | 34.30 | 38.08 | OK | |
r-release-macos-arm64 | 1.4.0 | 23.00 | OK | |||
r-release-macos-x86_64 | 1.4.0 | 38.00 | OK | |||
r-release-windows-x86_64 | 1.4.0 | 5.00 | 69.00 | 74.00 | OK | |
r-oldrel-macos-arm64 | 1.4.0 | 28.00 | OK | |||
r-oldrel-macos-x86_64 | 1.4.0 | 43.00 | OK | |||
r-oldrel-windows-x86_64 | 1.4.0 | 6.00 | 73.00 | 79.00 | OK |
Version: 1.4.0
Check: DESCRIPTION meta-information
Result: NOTE
Author field differs from that derived from Authors@R
Author: ‘Nicolas Frerebeau [aut, cre] (<https://orcid.org/0000-0001-5759-4944>), Brice Lebrun [art] (<https://orcid.org/0000-0001-7503-8685>, Logo designer), Université Bordeaux Montaigne [fnd] (03pbgwk21), CNRS [fnd] (02feahw73)’
Authors@R: ‘Nicolas Frerebeau [aut, cre] (ORCID: <https://orcid.org/0000-0001-5759-4944>), Brice Lebrun [art] (ORCID: <https://orcid.org/0000-0001-7503-8685>, Logo designer), Université Bordeaux Montaigne [fnd] (ROR: <https://ror.org/03pbgwk21>), CNRS [fnd] (ROR: <https://ror.org/02feahw73>)’
Flavors: r-devel-linux-x86_64-debian-clang, r-devel-linux-x86_64-debian-gcc