Last updated on 2025-04-30 04:50:09 CEST.
Flavor | Version | Tinstall | Tcheck | Ttotal | Status | Flags |
---|---|---|---|---|---|---|
r-devel-linux-x86_64-debian-clang | 1.1.8 | 326.81 | 328.34 | 655.15 | OK | |
r-devel-linux-x86_64-debian-gcc | 1.1.8 | 213.10 | 249.48 | 462.58 | OK | |
r-devel-linux-x86_64-fedora-clang | 1.1.8 | 929.74 | NOTE | |||
r-devel-linux-x86_64-fedora-gcc | 1.1.8 | 1013.39 | NOTE | |||
r-devel-windows-x86_64 | 1.1.8 | 234.00 | 322.00 | 556.00 | OK | |
r-patched-linux-x86_64 | 1.1.8 | 270.93 | 334.79 | 605.72 | OK | |
r-release-linux-x86_64 | 1.1.8 | 278.64 | 332.65 | 611.29 | OK | |
r-release-macos-arm64 | 1.1.8 | 223.00 | OK | |||
r-release-macos-x86_64 | 1.1.8 | 367.00 | OK | |||
r-release-windows-x86_64 | 1.1.8 | 234.00 | 329.00 | 563.00 | OK | |
r-oldrel-macos-arm64 | 1.1.8 | 209.00 | NOTE | |||
r-oldrel-macos-x86_64 | 1.1.8 | 358.00 | NOTE | |||
r-oldrel-windows-x86_64 | 1.1.8 | 294.00 | 426.00 | 720.00 | NOTE |
Version: 1.1.8
Check: dependencies in R code
Result: NOTE
Namespace in Imports field not imported from: ‘rstantools’
All declared Imports should be used.
Flavors: r-devel-linux-x86_64-fedora-clang, r-devel-linux-x86_64-fedora-gcc
Version: 1.1.8
Check: installed package size
Result: NOTE
installed size is 93.5Mb
sub-directories of 1Mb or more:
data 2.0Mb
doc 2.3Mb
libs 88.2Mb
Flavors: r-oldrel-macos-arm64, r-oldrel-macos-x86_64, r-oldrel-windows-x86_64
Version: 1.1.8
Check: for GNU extensions in Makefiles
Result: NOTE
GNU make is a SystemRequirements.
Flavors: r-oldrel-macos-arm64, r-oldrel-macos-x86_64, r-oldrel-windows-x86_64