Last updated on 2025-04-30 04:50:09 CEST.
Flavor | Version | Tinstall | Tcheck | Ttotal | Status | Flags |
---|---|---|---|---|---|---|
r-devel-linux-x86_64-debian-clang | 0.6.1-4 | 128.48 | 52.16 | 180.64 | OK | |
r-devel-linux-x86_64-debian-gcc | 0.6.1-4 | 105.79 | 39.08 | 144.87 | OK | |
r-devel-linux-x86_64-fedora-clang | 0.6.1-4 | 289.34 | OK | |||
r-devel-linux-x86_64-fedora-gcc | 0.6.1-4 | 384.58 | OK | |||
r-devel-windows-x86_64 | 0.6.1-4 | 122.00 | 98.00 | 220.00 | OK | |
r-patched-linux-x86_64 | 0.6.1-4 | 147.00 | 50.50 | 197.50 | OK | |
r-release-linux-x86_64 | 0.6.1-4 | 150.85 | 49.84 | 200.69 | OK | |
r-release-macos-arm64 | 0.6.1-4 | 74.00 | OK | |||
r-release-macos-x86_64 | 0.6.1-4 | 130.00 | OK | |||
r-release-windows-x86_64 | 0.6.1-4 | 121.00 | 96.00 | 217.00 | OK | |
r-oldrel-macos-arm64 | 0.6.1-4 | 70.00 | NOTE | |||
r-oldrel-macos-x86_64 | 0.6.1-4 | 211.00 | NOTE | |||
r-oldrel-windows-x86_64 | 0.6.1-4 | 129.00 | 113.00 | 242.00 | OK |
Version: 0.6.1-4
Check: installed package size
Result: NOTE
installed size is 15.5Mb
sub-directories of 1Mb or more:
doc 1.6Mb
libs 13.6Mb
Flavors: r-oldrel-macos-arm64, r-oldrel-macos-x86_64