Last updated on 2025-04-30 04:50:09 CEST.
Flavor | Version | Tinstall | Tcheck | Ttotal | Status | Flags |
---|---|---|---|---|---|---|
r-devel-linux-x86_64-debian-clang | 1.0 | 23.01 | 182.97 | 205.98 | NOTE | |
r-devel-linux-x86_64-debian-gcc | 1.0 | 13.90 | 113.13 | 127.03 | NOTE | |
r-devel-linux-x86_64-fedora-clang | 1.0 | 329.04 | OK | |||
r-devel-linux-x86_64-fedora-gcc | 1.0 | 313.81 | OK | |||
r-devel-windows-x86_64 | 1.0 | 21.00 | 151.00 | 172.00 | OK | |
r-patched-linux-x86_64 | 1.0 | 23.46 | 172.54 | 196.00 | OK | |
r-release-linux-x86_64 | 1.0 | 17.60 | 173.53 | 191.13 | OK | |
r-release-macos-arm64 | 1.0 | 55.00 | OK | |||
r-release-macos-x86_64 | 1.0 | 129.00 | OK | |||
r-release-windows-x86_64 | 1.0 | 18.00 | 150.00 | 168.00 | OK | |
r-oldrel-macos-arm64 | 1.0 | 56.00 | OK | |||
r-oldrel-macos-x86_64 | 1.0 | 101.00 | OK | |||
r-oldrel-windows-x86_64 | 1.0 | 27.00 | 197.00 | 224.00 | OK |
Version: 1.0
Check: CRAN incoming feasibility
Result: NOTE
Maintainer: ‘Michele Dalponte <michele.dalponte@fmach.it>’
No Authors@R field in DESCRIPTION.
Please add one, modifying
Authors@R: person(given = "Michele",
family = "Dalponte",
role = c("aut", "cre"),
email = "michele.dalponte@fmach.it")
as necessary.
Flavors: r-devel-linux-x86_64-debian-clang, r-devel-linux-x86_64-debian-gcc