Last updated on 2025-11-04 03:50:54 CET.
| Flavor | Version | Tinstall | Tcheck | Ttotal | Status | Flags | 
|---|---|---|---|---|---|---|
| r-devel-linux-x86_64-debian-clang | 1.0 | 23.83 | 184.84 | 208.67 | NOTE | |
| r-devel-linux-x86_64-debian-gcc | 1.0 | 14.96 | 111.43 | 126.39 | NOTE | |
| r-devel-linux-x86_64-fedora-clang | 1.0 | 114.00 | 209.61 | 323.61 | OK | |
| r-devel-linux-x86_64-fedora-gcc | 1.0 | 49.00 | 247.51 | 296.51 | OK | |
| r-devel-windows-x86_64 | 1.0 | 18.00 | 144.00 | 162.00 | OK | |
| r-patched-linux-x86_64 | 1.0 | 23.41 | 175.23 | 198.64 | OK | |
| r-release-linux-x86_64 | 1.0 | 19.37 | 175.89 | 195.26 | OK | |
| r-release-macos-arm64 | 1.0 | 7.00 | 48.00 | 55.00 | OK | |
| r-release-macos-x86_64 | 1.0 | 17.00 | 112.00 | 129.00 | OK | |
| r-release-windows-x86_64 | 1.0 | 19.00 | 145.00 | 164.00 | OK | |
| r-oldrel-macos-arm64 | 1.0 | 6.00 | 50.00 | 56.00 | OK | |
| r-oldrel-macos-x86_64 | 1.0 | 13.00 | 88.00 | 101.00 | OK | |
| r-oldrel-windows-x86_64 | 1.0 | 28.00 | 202.00 | 230.00 | OK | 
Version: 1.0
Check: CRAN incoming feasibility
Result: NOTE
  Maintainer: ‘Michele Dalponte <michele.dalponte@fmach.it>’
  
  No Authors@R field in DESCRIPTION.
  Please add one, modifying
    Authors@R: person(given = "Michele",
                      family = "Dalponte",
                      role = c("aut", "cre"),
                      email = "michele.dalponte@fmach.it")
  as necessary.
Flavors: r-devel-linux-x86_64-debian-clang, r-devel-linux-x86_64-debian-gcc