Last updated on 2025-02-21 03:52:15 CET.
Flavor | Version | Tinstall | Tcheck | Ttotal | Status | Flags |
---|---|---|---|---|---|---|
r-devel-linux-x86_64-debian-clang | 1.0 | 5.33 | 96.49 | 101.82 | NOTE | |
r-devel-linux-x86_64-debian-gcc | 1.0 | 3.88 | 66.42 | 70.30 | NOTE | |
r-devel-linux-x86_64-fedora-clang | 1.0 | 168.19 | NOTE | |||
r-devel-linux-x86_64-fedora-gcc | 1.0 | 173.85 | NOTE | |||
r-devel-macos-arm64 | 1.0 | 62.00 | OK | |||
r-devel-macos-x86_64 | 1.0 | 104.00 | NOTE | |||
r-devel-windows-x86_64 | 1.0 | 8.00 | 125.00 | 133.00 | NOTE | |
r-patched-linux-x86_64 | 1.0 | 6.42 | 94.38 | 100.80 | OK | |
r-release-linux-x86_64 | 1.0 | 4.81 | 92.78 | 97.59 | OK | |
r-release-macos-arm64 | 1.0 | 61.00 | OK | |||
r-release-macos-x86_64 | 1.0 | 102.00 | OK | |||
r-release-windows-x86_64 | 1.0 | 6.00 | 123.00 | 129.00 | OK | |
r-oldrel-macos-arm64 | 1.0 | 63.00 | OK | |||
r-oldrel-macos-x86_64 | 1.0 | 185.00 | OK | |||
r-oldrel-windows-x86_64 | 1.0 | 9.00 | 155.00 | 164.00 | OK |
Version: 1.0
Check: DESCRIPTION meta-information
Result: NOTE
Missing dependency on R >= 4.1.0 because package code uses the pipe
|> or function shorthand \(...) syntax added in R 4.1.0.
File(s) using such syntax:
‘iRNGStream.R’
Flavors: r-devel-linux-x86_64-debian-clang, r-devel-linux-x86_64-debian-gcc, r-devel-linux-x86_64-fedora-clang, r-devel-linux-x86_64-fedora-gcc, r-devel-macos-x86_64, r-devel-windows-x86_64