CRAN Package Check Results for Package ivaBSS

Last updated on 2025-04-30 04:50:09 CEST.

Flavor Version Tinstall Tcheck Ttotal Status Flags
r-devel-linux-x86_64-debian-clang 1.0.0 3.02 34.06 37.08 NOTE
r-devel-linux-x86_64-debian-gcc 1.0.0 2.05 25.66 27.71 OK
r-devel-linux-x86_64-fedora-clang 1.0.0 58.81 OK
r-devel-linux-x86_64-fedora-gcc 1.0.0 57.10 OK
r-devel-windows-x86_64 1.0.0 4.00 59.00 63.00 OK
r-patched-linux-x86_64 1.0.0 2.56 33.34 35.90 OK
r-release-linux-x86_64 1.0.0 2.73 32.78 35.51 OK
r-release-macos-arm64 1.0.0 24.00 OK
r-release-macos-x86_64 1.0.0 37.00 OK
r-release-windows-x86_64 1.0.0 4.00 58.00 62.00 OK
r-oldrel-macos-arm64 1.0.0 22.00 OK
r-oldrel-macos-x86_64 1.0.0 30.00 OK
r-oldrel-windows-x86_64 1.0.0 5.00 58.00 63.00 OK

Check Details

Version: 1.0.0
Check: examples
Result: NOTE Examples with CPU (user + system) or elapsed time > 5s user system elapsed fastIVA 5.269 0.008 5.938 Flavor: r-devel-linux-x86_64-debian-clang