Last updated on 2025-04-30 04:50:09 CEST.
Flavor | Version | Tinstall | Tcheck | Ttotal | Status | Flags |
---|---|---|---|---|---|---|
r-devel-linux-x86_64-debian-clang | 1.0.1 | 27.32 | 95.71 | 123.03 | NOTE | |
r-devel-linux-x86_64-debian-gcc | 1.0.1 | 19.23 | 75.78 | 95.01 | OK | |
r-devel-linux-x86_64-fedora-clang | 1.0.1 | 203.38 | OK | |||
r-devel-linux-x86_64-fedora-gcc | 1.0.1 | 207.25 | OK | |||
r-devel-windows-x86_64 | 1.0.1 | 33.00 | 128.00 | 161.00 | OK | |
r-patched-linux-x86_64 | 1.0.1 | 23.74 | 88.81 | 112.55 | OK | |
r-release-linux-x86_64 | 1.0.1 | 25.86 | 89.76 | 115.62 | OK | |
r-release-macos-arm64 | 1.0.1 | 66.00 | OK | |||
r-release-macos-x86_64 | 1.0.1 | 145.00 | OK | |||
r-release-windows-x86_64 | 1.0.1 | 34.00 | 128.00 | 162.00 | OK | |
r-oldrel-macos-arm64 | 1.0.1 | 61.00 | OK | |||
r-oldrel-macos-x86_64 | 1.0.1 | 89.00 | OK | |||
r-oldrel-windows-x86_64 | 1.0.1 | 37.00 | 160.00 | 197.00 | OK |
Version: 1.0.1
Check: examples
Result: NOTE
Examples with CPU (user + system) or elapsed time > 5s
user system elapsed
ivdoctr 4.11 0.144 5.065
Flavor: r-devel-linux-x86_64-debian-clang