CRAN Package Check Results for Package ivo.table

Last updated on 2025-04-30 04:50:09 CEST.

Flavor Version Tinstall Tcheck Ttotal Status Flags
r-devel-linux-x86_64-debian-clang 0.6 2.43 45.39 47.82 NOTE
r-devel-linux-x86_64-debian-gcc 0.6 1.72 31.84 33.56 NOTE
r-devel-linux-x86_64-fedora-clang 0.6 76.31 NOTE
r-devel-linux-x86_64-fedora-gcc 0.6 86.20 NOTE
r-devel-windows-x86_64 0.6 4.00 61.00 65.00 NOTE
r-patched-linux-x86_64 0.6 2.55 42.73 45.28 NOTE
r-release-linux-x86_64 0.6 2.24 42.68 44.92 NOTE
r-release-macos-arm64 0.6 28.00 NOTE
r-release-macos-x86_64 0.6 55.00 NOTE
r-release-windows-x86_64 0.6 5.00 61.00 66.00 NOTE
r-oldrel-macos-arm64 0.6 40.00 OK
r-oldrel-macos-x86_64 0.6 91.00 OK
r-oldrel-windows-x86_64 0.6 6.00 75.00 81.00 OK

Check Details

Version: 0.6
Check: DESCRIPTION meta-information
Result: NOTE Missing dependency on R >= 4.1.0 because package code uses the pipe |> or function shorthand \(...) syntax added in R 4.1.0. File(s) using such syntax: ‘ivo_flextable_theme.Rd’ ‘ivo_table.Rd’ ‘ivo_table_add_mask.Rd’ ‘ivo_table_masked.Rd’ ‘ivo_tables.R’ Flavors: r-devel-linux-x86_64-debian-clang, r-devel-linux-x86_64-debian-gcc, r-devel-linux-x86_64-fedora-clang, r-devel-linux-x86_64-fedora-gcc, r-devel-windows-x86_64, r-patched-linux-x86_64, r-release-linux-x86_64, r-release-macos-arm64, r-release-windows-x86_64

Version: 0.6
Check: examples
Result: NOTE Examples with CPU (user + system) or elapsed time > 5s user system elapsed ivo_table 11.109 0.114 14.358 Flavor: r-devel-linux-x86_64-debian-clang

Version: 0.6
Check: examples
Result: NOTE Examples with CPU (user + system) or elapsed time > 5s user system elapsed ivo_table 6.554 0.09 7.55 Flavor: r-devel-linux-x86_64-debian-gcc

Version: 0.6
Check: DESCRIPTION meta-information
Result: NOTE Missing dependency on R >= 4.1.0 because package code uses the pipe |> or function shorthand \(...) syntax added in R 4.1.0. File(s) using such syntax: ‘ivo_tables.R’ Flavor: r-release-macos-x86_64