Last updated on 2025-04-30 04:50:09 CEST.
Flavor | Version | Tinstall | Tcheck | Ttotal | Status | Flags |
---|---|---|---|---|---|---|
r-devel-linux-x86_64-debian-clang | 0.6-5 | 4.19 | 70.08 | 74.27 | NOTE | |
r-devel-linux-x86_64-debian-gcc | 0.6-5 | 3.24 | 51.72 | 54.96 | OK | |
r-devel-linux-x86_64-fedora-clang | 0.6-5 | 121.73 | OK | |||
r-devel-linux-x86_64-fedora-gcc | 0.6-5 | 134.77 | OK | |||
r-devel-windows-x86_64 | 0.6-5 | 6.00 | 80.00 | 86.00 | OK | |
r-patched-linux-x86_64 | 0.6-5 | 4.46 | 67.98 | 72.44 | OK | |
r-release-linux-x86_64 | 0.6-5 | 2.79 | 67.69 | 70.48 | OK | |
r-release-macos-arm64 | 0.6-5 | 40.00 | OK | |||
r-release-macos-x86_64 | 0.6-5 | 72.00 | OK | |||
r-release-windows-x86_64 | 0.6-5 | 7.00 | 79.00 | 86.00 | OK | |
r-oldrel-macos-arm64 | 0.6-5 | 51.00 | OK | |||
r-oldrel-macos-x86_64 | 0.6-5 | 78.00 | OK | |||
r-oldrel-windows-x86_64 | 0.6-5 | 6.00 | 95.00 | 101.00 | OK |
Version: 0.6-5
Check: examples
Result: NOTE
Examples with CPU (user + system) or elapsed time > 5s
user system elapsed
ivregDiagnostics 5.325 0.112 6.508
Flavor: r-devel-linux-x86_64-debian-clang