Last updated on 2025-04-30 04:50:09 CEST.
Flavor | Version | Tinstall | Tcheck | Ttotal | Status | Flags |
---|---|---|---|---|---|---|
r-devel-linux-x86_64-debian-clang | 2.1.0 | 44.17 | 26.32 | 70.49 | NOTE | |
r-devel-linux-x86_64-debian-gcc | 2.1.0 | 20.60 | 20.58 | 41.18 | NOTE | |
r-devel-linux-x86_64-fedora-clang | 2.1.0 | 110.44 | NOTE | |||
r-devel-linux-x86_64-fedora-gcc | 2.1.0 | 93.89 | NOTE | |||
r-devel-windows-x86_64 | 2.1.0 | 32.00 | 75.00 | 107.00 | NOTE | |
r-patched-linux-x86_64 | 2.1.0 | 28.16 | 25.49 | 53.65 | NOTE | |
r-release-linux-x86_64 | 2.1.0 | 29.92 | 25.55 | 55.47 | NOTE | |
r-release-macos-arm64 | 2.1.0 | 33.00 | NOTE | |||
r-release-macos-x86_64 | 2.1.0 | 46.00 | NOTE | |||
r-release-windows-x86_64 | 2.1.0 | 31.00 | 69.00 | 100.00 | NOTE | |
r-oldrel-macos-arm64 | 2.1.0 | 29.00 | NOTE | |||
r-oldrel-macos-x86_64 | 2.1.0 | 33.00 | NOTE | |||
r-oldrel-windows-x86_64 | 2.1.0 | 37.00 | 77.00 | 114.00 | NOTE |
Version: 2.1.0
Check: CRAN incoming feasibility
Result: NOTE
Maintainer: ‘Andrew Ying <aying9339@gmail.com>’
No Authors@R field in DESCRIPTION.
Please add one, modifying
Authors@R: person(given = "Andrew",
family = "Ying",
role = c("aut", "cre"),
email = "aying9339@gmail.com")
as necessary.
Flavors: r-devel-linux-x86_64-debian-clang, r-devel-linux-x86_64-debian-gcc
Version: 2.1.0
Check: C++ specification
Result: NOTE
Specified C++11: please drop specification unless essential
Flavors: r-devel-linux-x86_64-debian-clang, r-devel-linux-x86_64-debian-gcc, r-devel-linux-x86_64-fedora-clang, r-devel-linux-x86_64-fedora-gcc, r-devel-windows-x86_64, r-patched-linux-x86_64, r-release-linux-x86_64, r-release-macos-arm64, r-release-macos-x86_64, r-release-windows-x86_64, r-oldrel-macos-arm64, r-oldrel-macos-x86_64, r-oldrel-windows-x86_64