Last updated on 2025-04-30 04:50:09 CEST.
Flavor | Version | Tinstall | Tcheck | Ttotal | Status | Flags |
---|---|---|---|---|---|---|
r-devel-linux-x86_64-debian-clang | 1.0.3 | 1.26 | 18.26 | 19.52 | NOTE | |
r-devel-linux-x86_64-debian-gcc | 1.0.3 | 1.13 | 15.40 | 16.53 | NOTE | |
r-devel-linux-x86_64-fedora-clang | 1.0.3 | 28.95 | OK | |||
r-devel-linux-x86_64-fedora-gcc | 1.0.3 | 27.74 | OK | |||
r-devel-windows-x86_64 | 1.0.3 | 3.00 | 41.00 | 44.00 | OK | |
r-patched-linux-x86_64 | 1.0.3 | 1.41 | 16.35 | 17.76 | OK | |
r-release-linux-x86_64 | 1.0.3 | 1.31 | 16.23 | 17.54 | OK | |
r-release-macos-arm64 | 1.0.3 | 14.00 | OK | |||
r-release-macos-x86_64 | 1.0.3 | 22.00 | OK | |||
r-release-windows-x86_64 | 1.0.3 | 3.00 | 41.00 | 44.00 | OK | |
r-oldrel-macos-arm64 | 1.0.3 | 13.00 | OK | |||
r-oldrel-macos-x86_64 | 1.0.3 | 19.00 | OK | |||
r-oldrel-windows-x86_64 | 1.0.3 | 3.00 | 39.00 | 42.00 | OK |
Version: 1.0.3
Check: CRAN incoming feasibility
Result: NOTE
Maintainer: ‘Irucka Embry <iembry@ecoccs.com>’
No Authors@R field in DESCRIPTION.
Please add one, modifying
Authors@R: person(given = "Irucka",
family = "Embry",
role = c("aut", "cre"),
email = "iembry@ecoccs.com")
as necessary.
Flavors: r-devel-linux-x86_64-debian-clang, r-devel-linux-x86_64-debian-gcc