Last updated on 2025-04-30 04:50:09 CEST.
Flavor | Version | Tinstall | Tcheck | Ttotal | Status | Flags |
---|---|---|---|---|---|---|
r-devel-linux-x86_64-debian-clang | 6.1.0 | 202.72 | 287.79 | 490.51 | OK | |
r-devel-linux-x86_64-debian-gcc | 6.1.0 | 161.58 | 181.50 | 343.08 | OK | |
r-devel-linux-x86_64-fedora-clang | 6.1.0 | 830.00 | OK | |||
r-devel-linux-x86_64-fedora-gcc | 6.1.0 | 974.48 | OK | |||
r-devel-windows-x86_64 | 6.1.0 | 220.00 | 337.00 | 557.00 | OK | |
r-patched-linux-x86_64 | 6.1.0 | 213.22 | 273.06 | 486.28 | OK | |
r-release-linux-x86_64 | 6.1.0 | 217.43 | 272.38 | 489.81 | OK | |
r-release-macos-arm64 | 6.1.0 | 246.00 | OK | |||
r-release-macos-x86_64 | 6.1.0 | 328.00 | OK | |||
r-release-windows-x86_64 | 6.1.0 | 210.00 | 336.00 | 546.00 | OK | |
r-oldrel-macos-arm64 | 6.1.0 | 198.00 | NOTE | |||
r-oldrel-macos-x86_64 | 6.1.0 | 387.00 | NOTE | |||
r-oldrel-windows-x86_64 | 6.1.0 | 252.00 | 459.00 | 711.00 | OK |
Version: 6.1.0
Check: installed package size
Result: NOTE
installed size is 35.7Mb
sub-directories of 1Mb or more:
libs 35.2Mb
Flavors: r-oldrel-macos-arm64, r-oldrel-macos-x86_64