Last updated on 2025-04-30 04:50:09 CEST.
Flavor | Version | Tinstall | Tcheck | Ttotal | Status | Flags |
---|---|---|---|---|---|---|
r-devel-linux-x86_64-debian-clang | 1.1.5 | 202.32 | 51.53 | 253.85 | OK | |
r-devel-linux-x86_64-debian-gcc | 1.1.5 | 155.46 | 38.23 | 193.69 | OK | |
r-devel-linux-x86_64-fedora-clang | 1.1.5 | 571.84 | OK | |||
r-devel-linux-x86_64-fedora-gcc | 1.1.5 | 508.58 | OK | |||
r-devel-windows-x86_64 | 1.1.5 | 258.00 | 175.00 | 433.00 | OK | |
r-patched-linux-x86_64 | 1.1.5 | 217.97 | 47.37 | 265.34 | OK | |
r-release-linux-x86_64 | 1.1.5 | 222.21 | 47.52 | 269.73 | OK | |
r-release-macos-arm64 | 1.1.5 | 118.00 | OK | |||
r-release-macos-x86_64 | 1.1.5 | 125.00 | OK | |||
r-release-windows-x86_64 | 1.1.5 | 259.00 | 176.00 | 435.00 | OK | |
r-oldrel-macos-arm64 | 1.1.5 | 109.00 | NOTE | |||
r-oldrel-macos-x86_64 | 1.1.5 | 103.00 | NOTE | |||
r-oldrel-windows-x86_64 | 1.1.5 | 288.00 | 227.00 | 515.00 | NOTE |
Version: 1.1.5
Check: installed package size
Result: NOTE
installed size is 19.7Mb
sub-directories of 1Mb or more:
art_profiles 1.5Mb
libs 17.3Mb
Flavors: r-oldrel-macos-arm64, r-oldrel-macos-x86_64, r-oldrel-windows-x86_64
Version: 1.1.5
Check: for GNU extensions in Makefiles
Result: NOTE
GNU make is a SystemRequirements.
Flavors: r-oldrel-macos-arm64, r-oldrel-macos-x86_64, r-oldrel-windows-x86_64