CRAN Package Check Results for Package jdenticon

Last updated on 2025-04-30 04:50:09 CEST.

Flavor Version Tinstall Tcheck Ttotal Status Flags
r-devel-linux-x86_64-debian-clang 0.1.1 2.84 28.16 31.00 NOTE
r-devel-linux-x86_64-debian-gcc 0.1.1 1.96 22.12 24.08 NOTE
r-devel-linux-x86_64-fedora-clang 0.1.1 46.78 NOTE
r-devel-linux-x86_64-fedora-gcc 0.1.1 44.68 NOTE
r-devel-windows-x86_64 0.1.1 4.00 49.00 53.00 NOTE
r-patched-linux-x86_64 0.1.1 2.89 26.03 28.92 NOTE
r-release-linux-x86_64 0.1.1 2.47 25.75 28.22 NOTE
r-release-macos-arm64 0.1.1 21.00 NOTE
r-release-macos-x86_64 0.1.1 30.00 NOTE
r-release-windows-x86_64 0.1.1 4.00 50.00 54.00 NOTE
r-oldrel-macos-arm64 0.1.1 19.00 OK
r-oldrel-macos-x86_64 0.1.1 31.00 OK
r-oldrel-windows-x86_64 0.1.1 4.00 49.00 53.00 OK

Check Details

Version: 0.1.1
Check: DESCRIPTION meta-information
Result: NOTE Missing dependency on R >= 4.1.0 because package code uses the pipe |> or function shorthand \(...) syntax added in R 4.1.0. File(s) using such syntax: ‘jdenticon.R’ Flavors: r-devel-linux-x86_64-debian-clang, r-devel-linux-x86_64-debian-gcc, r-devel-linux-x86_64-fedora-clang, r-devel-linux-x86_64-fedora-gcc, r-devel-windows-x86_64, r-patched-linux-x86_64, r-release-linux-x86_64, r-release-macos-arm64, r-release-macos-x86_64, r-release-windows-x86_64