CRAN Package Check Results for Package jfa

Last updated on 2025-04-30 04:50:09 CEST.

Flavor Version Tinstall Tcheck Ttotal Status Flags
r-devel-linux-x86_64-debian-clang 0.7.3 501.61 176.03 677.64 OK
r-devel-linux-x86_64-debian-gcc 0.7.3 489.20 160.38 649.58 OK
r-devel-linux-x86_64-fedora-clang 0.7.3 1052.82 NOTE
r-devel-linux-x86_64-fedora-gcc 0.7.3 1478.95 NOTE
r-devel-windows-x86_64 0.7.3 579.00 245.00 824.00 OK
r-patched-linux-x86_64 0.7.3 620.25 224.01 844.26 OK
r-release-linux-x86_64 0.7.3 609.53 222.92 832.45 OK
r-release-macos-arm64 0.7.3 283.00 OK
r-release-macos-x86_64 0.7.3 227.00 OK
r-release-windows-x86_64 0.7.3 572.00 237.00 809.00 OK
r-oldrel-macos-arm64 0.7.3 233.00 NOTE
r-oldrel-macos-x86_64 0.7.3 268.00 NOTE
r-oldrel-windows-x86_64 0.7.3 629.00 285.00 914.00 NOTE

Check Details

Version: 0.7.3
Check: dependencies in R code
Result: NOTE Namespaces in Imports field not imported from: ‘RcppParallel’ ‘rstantools’ All declared Imports should be used. Flavors: r-devel-linux-x86_64-fedora-clang, r-devel-linux-x86_64-fedora-gcc

Version: 0.7.3
Check: installed package size
Result: NOTE installed size is 102.5Mb sub-directories of 1Mb or more: libs 101.1Mb Flavors: r-oldrel-macos-arm64, r-oldrel-macos-x86_64, r-oldrel-windows-x86_64

Version: 0.7.3
Check: for GNU extensions in Makefiles
Result: NOTE GNU make is a SystemRequirements. Flavors: r-oldrel-macos-arm64, r-oldrel-macos-x86_64, r-oldrel-windows-x86_64