CRAN Package Check Results for Package jiebaR

Last updated on 2025-04-30 04:50:09 CEST.

Flavor Version Tinstall Tcheck Ttotal Status Flags
r-devel-linux-x86_64-debian-clang 0.11.1 40.99 56.86 97.85 NOTE
r-devel-linux-x86_64-debian-gcc 0.11.1 30.84 41.84 72.68 NOTE
r-devel-linux-x86_64-fedora-clang 0.11.1 168.64 NOTE
r-devel-linux-x86_64-fedora-gcc 0.11.1 183.66 NOTE
r-devel-windows-x86_64 0.11.1 49.00 107.00 156.00 NOTE
r-patched-linux-x86_64 0.11.1 44.80 56.02 100.82 NOTE
r-release-linux-x86_64 0.11.1 43.39 56.32 99.71 NOTE
r-release-macos-arm64 0.11.1 104.00 NOTE
r-release-macos-x86_64 0.11.1 89.00 NOTE
r-release-windows-x86_64 0.11.1 53.00 113.00 166.00 NOTE
r-oldrel-macos-arm64 0.11.1 56.00 NOTE
r-oldrel-macos-x86_64 0.11.1 125.00 NOTE
r-oldrel-windows-x86_64 0.11.1 54.00 123.00 177.00 NOTE

Check Details

Version: 0.11.1
Check: CRAN incoming feasibility
Result: NOTE Maintainer: ‘ORPHANED’ No Authors@R field in DESCRIPTION. Please add one, modifying Authors@R: c(person(given = "Qin", family = "Wenfeng", role = "aut"), person(given = "Wu", family = "Yanyi", role = "aut"), person(family = "ORPHANED", role = "cre")) as necessary. Flavors: r-devel-linux-x86_64-debian-clang, r-devel-linux-x86_64-debian-gcc

Version: 0.11.1
Check: C++ specification
Result: NOTE Specified C++11: please drop specification unless essential Flavors: r-devel-linux-x86_64-debian-clang, r-devel-linux-x86_64-debian-gcc, r-devel-linux-x86_64-fedora-clang, r-devel-linux-x86_64-fedora-gcc, r-devel-windows-x86_64, r-patched-linux-x86_64, r-release-linux-x86_64, r-release-macos-arm64, r-release-macos-x86_64, r-release-windows-x86_64, r-oldrel-macos-arm64, r-oldrel-macos-x86_64, r-oldrel-windows-x86_64

Version: 0.11.1
Check: installed package size
Result: NOTE installed size is 5.6Mb sub-directories of 1Mb or more: libs 5.1Mb Flavors: r-oldrel-macos-arm64, r-oldrel-macos-x86_64