CRAN Package Check Results for Package jinjar

Last updated on 2025-04-30 04:50:09 CEST.

Flavor Version Tinstall Tcheck Ttotal Status Flags
r-devel-linux-x86_64-debian-clang 0.3.2 49.76 42.97 92.73 OK
r-devel-linux-x86_64-debian-gcc 0.3.2 39.71 34.18 73.89 OK
r-devel-linux-x86_64-fedora-clang 0.3.2 160.45 OK
r-devel-linux-x86_64-fedora-gcc 0.3.2 187.56 OK
r-devel-windows-x86_64 0.3.2 53.00 90.00 143.00 OK
r-patched-linux-x86_64 0.3.2 56.23 40.06 96.29 OK
r-release-linux-x86_64 0.3.2 56.81 40.18 96.99 OK
r-release-macos-arm64 0.3.2 66.00 OK
r-release-macos-x86_64 0.3.2 95.00 OK
r-release-windows-x86_64 0.3.2 54.00 91.00 145.00 OK
r-oldrel-macos-arm64 0.3.2 82.00 NOTE
r-oldrel-macos-x86_64 0.3.2 133.00 NOTE
r-oldrel-windows-x86_64 0.3.2 50.00 99.00 149.00 OK

Check Details

Version: 0.3.2
Check: installed package size
Result: NOTE installed size is 7.4Mb sub-directories of 1Mb or more: libs 7.1Mb Flavors: r-oldrel-macos-arm64, r-oldrel-macos-x86_64