CRAN Package Check Results for Package jlctree

Last updated on 2025-04-30 04:50:09 CEST.

Flavor Version Tinstall Tcheck Ttotal Status Flags
r-devel-linux-x86_64-debian-clang 0.0.2 8.22 69.03 77.25 NOTE
r-devel-linux-x86_64-debian-gcc 0.0.2 6.50 52.34 58.84 NOTE
r-devel-linux-x86_64-fedora-clang 0.0.2 120.24 NOTE
r-devel-linux-x86_64-fedora-gcc 0.0.2 115.67 NOTE
r-devel-windows-x86_64 0.0.2 8.00 79.00 87.00 NOTE
r-patched-linux-x86_64 0.0.2 7.94 66.19 74.13 NOTE
r-release-linux-x86_64 0.0.2 8.06 66.39 74.45 NOTE
r-release-macos-arm64 0.0.2 41.00 NOTE
r-release-macos-x86_64 0.0.2 72.00 NOTE
r-release-windows-x86_64 0.0.2 10.00 82.00 92.00 NOTE
r-oldrel-macos-arm64 0.0.2 36.00 NOTE
r-oldrel-macos-x86_64 0.0.2 65.00 NOTE
r-oldrel-windows-x86_64 0.0.2 13.00 102.00 115.00 NOTE

Check Details

Version: 0.0.2
Check: CRAN incoming feasibility
Result: NOTE Maintainer: ‘Ningshan Zhang <nzhang@stern.nyu.edu>’ No Authors@R field in DESCRIPTION. Please add one, modifying Authors@R: c(person(given = "Ningshan", family = "Zhang", role = c("aut", "cre"), email = "nzhang@stern.nyu.edu"), person(given = c("Jeffrey", "S."), family = "Simonoff", role = "aut")) as necessary. The Description field contains lack of association. See Zhang and Simonoff (2018) <arXiv:1812.01774>. Please refer to arXiv e-prints via their arXiv DOI <doi:10.48550/arXiv.YYMM.NNNNN>. Flavors: r-devel-linux-x86_64-debian-clang, r-devel-linux-x86_64-debian-gcc

Version: 0.0.2
Check: Rd files
Result: NOTE checkRd: (-1) data_timeinv.Rd:14: Lost braces; missing escapes or markup? 14 | \item{X5}{categorical covariate taking values from {1, 2, 3, 4, 5}; time-invariant} | ^ checkRd: (-1) data_timeinv.Rd:18: Lost braces; missing escapes or markup? 18 | \item{g}{true latent class identifier {1, 2, 3, 4}, which is determined by | ^ checkRd: (-1) data_timevar.Rd:15: Lost braces; missing escapes or markup? 15 | \item{X5}{categorical covariate taking values from {1, 2, 3, 4, 5}; time-varying} | ^ checkRd: (-1) data_timevar.Rd:20: Lost braces; missing escapes or markup? 20 | \item{g}{true latent class identifier {1, 2, 3, 4}, which is determined by | ^ Flavors: r-devel-linux-x86_64-debian-clang, r-devel-linux-x86_64-debian-gcc, r-devel-linux-x86_64-fedora-clang, r-devel-linux-x86_64-fedora-gcc, r-devel-windows-x86_64, r-patched-linux-x86_64, r-release-linux-x86_64, r-release-macos-arm64, r-release-macos-x86_64, r-release-windows-x86_64, r-oldrel-macos-arm64, r-oldrel-macos-x86_64, r-oldrel-windows-x86_64

Version: 0.0.2
Check: Rd cross-references
Result: NOTE Found the following Rd file(s) with Rd \link{} targets missing package anchors: jlctree.Rd: rpart.control Please provide package anchors for all Rd \link{} targets not in the package itself and the base packages. Flavors: r-devel-linux-x86_64-debian-clang, r-devel-linux-x86_64-debian-gcc, r-devel-windows-x86_64, r-patched-linux-x86_64, r-release-linux-x86_64, r-release-windows-x86_64