Last updated on 2025-02-21 03:52:15 CET.
Flavor | Version | Tinstall | Tcheck | Ttotal | Status | Flags |
---|---|---|---|---|---|---|
r-devel-linux-x86_64-debian-clang | 1.5.2 | 98.27 | 27.41 | 125.68 | OK | |
r-devel-linux-x86_64-debian-gcc | 1.5.2 | 79.57 | 21.64 | 101.21 | OK | |
r-devel-linux-x86_64-fedora-clang | 1.5.2 | 240.68 | OK | |||
r-devel-linux-x86_64-fedora-gcc | 1.5.2 | 283.15 | OK | |||
r-devel-macos-arm64 | 1.5.2 | 66.00 | OK | |||
r-devel-macos-x86_64 | 1.5.2 | 93.00 | OK | |||
r-devel-windows-x86_64 | 1.5.2 | 111.00 | 81.00 | 192.00 | OK | |
r-patched-linux-x86_64 | 1.5.2 | 109.08 | 27.06 | 136.14 | OK | |
r-release-linux-x86_64 | 1.5.2 | 110.54 | 25.83 | 136.37 | OK | |
r-release-macos-arm64 | 1.5.2 | 96.00 | NOTE | |||
r-release-macos-x86_64 | 1.5.2 | 143.00 | NOTE | |||
r-release-windows-x86_64 | 1.5.2 | 106.00 | 86.00 | 192.00 | OK | |
r-oldrel-macos-arm64 | 1.5.2 | 85.00 | NOTE | |||
r-oldrel-macos-x86_64 | 1.5.2 | 127.00 | NOTE | |||
r-oldrel-windows-x86_64 | 1.5.2 | 103.00 | 88.00 | 191.00 | OK |
Version: 1.5.2
Check: installed package size
Result: NOTE
installed size is 12.8Mb
sub-directories of 1Mb or more:
libs 12.5Mb
Flavors: r-release-macos-arm64, r-release-macos-x86_64, r-oldrel-macos-arm64, r-oldrel-macos-x86_64