Last updated on 2025-04-30 04:50:09 CEST.
Flavor | Version | Tinstall | Tcheck | Ttotal | Status | Flags |
---|---|---|---|---|---|---|
r-devel-linux-x86_64-debian-clang | 0.2.4 | 33.96 | 42.25 | 76.21 | NOTE | |
r-devel-linux-x86_64-debian-gcc | 0.2.4 | 26.33 | 30.88 | 57.21 | NOTE | |
r-devel-linux-x86_64-fedora-clang | 0.2.4 | 134.30 | NOTE | |||
r-devel-linux-x86_64-fedora-gcc | 0.2.4 | 151.01 | NOTE | |||
r-devel-windows-x86_64 | 0.2.4 | 40.00 | 91.00 | 131.00 | NOTE | |
r-patched-linux-x86_64 | 0.2.4 | 36.62 | 40.28 | 76.90 | NOTE | |
r-release-linux-x86_64 | 0.2.4 | 35.90 | 40.60 | 76.50 | NOTE | |
r-release-macos-arm64 | 0.2.4 | 56.00 | NOTE | |||
r-release-macos-x86_64 | 0.2.4 | 113.00 | NOTE | |||
r-release-windows-x86_64 | 0.2.4 | 43.00 | 98.00 | 141.00 | NOTE | |
r-oldrel-macos-arm64 | 0.2.4 | 42.00 | NOTE | |||
r-oldrel-macos-x86_64 | 0.2.4 | 80.00 | NOTE | |||
r-oldrel-windows-x86_64 | 0.2.4 | 48.00 | 105.00 | 153.00 | NOTE |
Version: 0.2.4
Check: C++ specification
Result: NOTE
Specified C++11: please drop specification unless essential
Flavors: r-devel-linux-x86_64-debian-clang, r-devel-linux-x86_64-debian-gcc, r-devel-linux-x86_64-fedora-clang, r-devel-linux-x86_64-fedora-gcc, r-devel-windows-x86_64, r-patched-linux-x86_64, r-release-linux-x86_64, r-release-macos-arm64, r-release-macos-x86_64, r-release-windows-x86_64, r-oldrel-macos-arm64, r-oldrel-macos-x86_64, r-oldrel-windows-x86_64
Version: 0.2.4
Check: installed package size
Result: NOTE
installed size is 5.9Mb
sub-directories of 1Mb or more:
libs 4.6Mb
Flavors: r-oldrel-macos-arm64, r-oldrel-macos-x86_64