CRAN Package Check Results for Package jmuOutlier

Last updated on 2025-04-30 04:50:09 CEST.

Flavor Version Tinstall Tcheck Ttotal Status Flags
r-devel-linux-x86_64-debian-clang 2.2 3.49 39.85 43.34 NOTE
r-devel-linux-x86_64-debian-gcc 2.2 2.32 27.28 29.60 NOTE
r-devel-linux-x86_64-fedora-clang 2.2 68.18 OK
r-devel-linux-x86_64-fedora-gcc 2.2 72.80 OK
r-devel-windows-x86_64 2.2 5.00 76.00 81.00 OK
r-patched-linux-x86_64 2.2 3.81 37.99 41.80 OK
r-release-linux-x86_64 2.2 3.36 38.39 41.75 OK
r-release-macos-arm64 2.2 27.00 OK
r-release-macos-x86_64 2.2 59.00 OK
r-release-windows-x86_64 2.2 4.00 76.00 80.00 OK
r-oldrel-macos-arm64 2.2 26.00 OK
r-oldrel-macos-x86_64 2.2 52.00 OK
r-oldrel-windows-x86_64 2.2 4.00 86.00 90.00 OK

Check Details

Version: 2.2
Check: CRAN incoming feasibility
Result: NOTE Maintainer: ‘Steven T. Garren <GARRENST@JMU.EDU>’ No Authors@R field in DESCRIPTION. Please add one, modifying Authors@R: person(given = c("Steven", "T."), family = "Garren", role = c("aut", "cre"), email = "garrenst@jmu.edu") as necessary. Flavors: r-devel-linux-x86_64-debian-clang, r-devel-linux-x86_64-debian-gcc

Version: 2.2
Check: examples
Result: NOTE Examples with CPU (user + system) or elapsed time > 5s user system elapsed perm.cor.test 4.08 0 5.174 Flavor: r-devel-linux-x86_64-debian-clang