CRAN Package Check Results for Package jmv

Last updated on 2025-04-30 04:50:09 CEST.

Flavor Version Tinstall Tcheck Ttotal Status Flags
r-devel-linux-x86_64-debian-clang 2.5.6 86.52 143.90 230.42 NOTE
r-devel-linux-x86_64-debian-gcc 2.5.6 57.75 99.39 157.14 OK
r-devel-linux-x86_64-fedora-clang 2.5.6 382.60 NOTE
r-devel-linux-x86_64-fedora-gcc 2.5.6 357.18 NOTE
r-devel-windows-x86_64 2.5.6 83.00 147.00 230.00 OK
r-patched-linux-x86_64 2.5.6 86.65 150.29 236.94 OK
r-release-linux-x86_64 2.5.6 85.40 135.69 221.09 OK
r-release-macos-arm64 2.5.6 95.00 OK
r-release-macos-x86_64 2.5.6 224.00 OK
r-release-windows-x86_64 2.5.6 81.00 146.00 227.00 OK
r-oldrel-macos-arm64 2.5.6 56.00 NOTE
r-oldrel-macos-x86_64 2.5.6 113.00 NOTE
r-oldrel-windows-x86_64 2.5.6 113.00 186.00 299.00 NOTE

Check Details

Version: 2.5.6
Check: examples
Result: NOTE Examples with CPU (user + system) or elapsed time > 5s user system elapsed ANOVA 4.476 0.31 6.604 Flavor: r-devel-linux-x86_64-debian-clang

Version: 2.5.6
Check: dependencies in R code
Result: NOTE Namespaces in Imports field not imported from: ‘BayesFactor’ ‘GGally’ ‘GPArotation’ ‘MASS’ ‘PMCMR’ ‘R6’ ‘ROCR’ ‘afex’ ‘car’ ‘dplyr’ ‘emmeans’ ‘ggrepel’ ‘ggridges’ ‘lavaan’ ‘multcomp’ ‘mvnormtest’ ‘nnet’ ‘psych’ ‘vcd’ ‘vcdExtra’ All declared Imports should be used. Flavors: r-devel-linux-x86_64-fedora-clang, r-devel-linux-x86_64-fedora-gcc

Version: 2.5.6
Check: installed package size
Result: NOTE installed size is 11.0Mb sub-directories of 1Mb or more: R 4.0Mb i18n 6.7Mb Flavors: r-oldrel-macos-arm64, r-oldrel-macos-x86_64, r-oldrel-windows-x86_64