Last updated on 2025-04-30 04:50:09 CEST.
Flavor | Version | Tinstall | Tcheck | Ttotal | Status | Flags |
---|---|---|---|---|---|---|
r-devel-linux-x86_64-debian-clang | 0.3.3 | 6.40 | 36.58 | 42.98 | NOTE | |
r-devel-linux-x86_64-debian-gcc | 0.3.3 | 4.59 | 26.44 | 31.03 | NOTE | |
r-devel-linux-x86_64-fedora-clang | 0.3.3 | 69.66 | OK | |||
r-devel-linux-x86_64-fedora-gcc | 0.3.3 | 65.86 | OK | |||
r-devel-windows-x86_64 | 0.3.3 | 7.00 | 60.00 | 67.00 | OK | |
r-patched-linux-x86_64 | 0.3.3 | 5.76 | 35.07 | 40.83 | OK | |
r-release-linux-x86_64 | 0.3.3 | 5.75 | 35.37 | 41.12 | OK | |
r-release-macos-arm64 | 0.3.3 | 23.00 | OK | |||
r-release-macos-x86_64 | 0.3.3 | 55.00 | OK | |||
r-release-windows-x86_64 | 0.3.3 | 6.00 | 56.00 | 62.00 | OK | |
r-oldrel-macos-arm64 | 0.3.3 | 22.00 | OK | |||
r-oldrel-macos-x86_64 | 0.3.3 | 32.00 | OK | |||
r-oldrel-windows-x86_64 | 0.3.3 | 9.00 | 60.00 | 69.00 | OK |
Version: 0.3.3
Check: CRAN incoming feasibility
Result: NOTE
Maintainer: ‘Philip Pallmann <p.pallmann@lancaster.ac.uk>’
Package CITATION file contains call(s) to old-style personList() or
as.personList(). Please use c() on person objects instead.
Package CITATION file contains call(s) to old-style citEntry(). Please
use bibentry() instead.
Flavors: r-devel-linux-x86_64-debian-clang, r-devel-linux-x86_64-debian-gcc