Last updated on 2025-04-30 04:50:09 CEST.
Flavor | Version | Tinstall | Tcheck | Ttotal | Status | Flags |
---|---|---|---|---|---|---|
r-devel-linux-x86_64-debian-clang | 1.2.2 | 87.15 | 802.74 | 889.89 | OK | |
r-devel-linux-x86_64-debian-gcc | 1.2.2 | 59.83 | 460.02 | 519.85 | OK | |
r-devel-linux-x86_64-fedora-clang | 1.2.2 | 1260.27 | OK | |||
r-devel-linux-x86_64-fedora-gcc | 1.2.2 | 1118.79 | OK | |||
r-devel-windows-x86_64 | 1.2.2 | 84.00 | 608.00 | 692.00 | OK | |
r-patched-linux-x86_64 | 1.2.2 | 80.78 | 611.03 | 691.81 | OK | |
r-release-linux-x86_64 | 1.2.2 | 78.20 | 615.35 | 693.55 | OK | |
r-release-macos-arm64 | 1.2.2 | 331.00 | OK | |||
r-release-macos-x86_64 | 1.2.2 | 405.00 | OK | |||
r-release-windows-x86_64 | 1.2.2 | 85.00 | 573.00 | 658.00 | OK | |
r-oldrel-macos-arm64 | 1.2.2 | 229.00 | NOTE | |||
r-oldrel-macos-x86_64 | 1.2.2 | 384.00 | NOTE | |||
r-oldrel-windows-x86_64 | 1.2.2 | 80.00 | 755.00 | 835.00 | OK |
Version: 1.2.2
Check: installed package size
Result: NOTE
installed size is 5.5Mb
sub-directories of 1Mb or more:
libs 3.6Mb
Flavors: r-oldrel-macos-arm64, r-oldrel-macos-x86_64