CRAN Package Check Results for Package jsTreeR

Last updated on 2025-04-30 04:50:09 CEST.

Flavor Version Tinstall Tcheck Ttotal Status Flags
r-devel-linux-x86_64-debian-clang 2.6.0 5.94 41.59 47.53 OK
r-devel-linux-x86_64-debian-gcc 2.6.0 4.05 31.37 35.42 OK
r-devel-linux-x86_64-fedora-clang 2.6.0 76.70 OK
r-devel-linux-x86_64-fedora-gcc 2.6.0 69.06 OK
r-devel-windows-x86_64 2.6.0 14.00 66.00 80.00 OK
r-patched-linux-x86_64 2.6.0 6.13 38.27 44.40 OK
r-release-linux-x86_64 2.6.0 6.38 38.52 44.90 OK
r-release-macos-arm64 2.6.0 31.00 OK
r-release-macos-x86_64 2.6.0 45.00 OK
r-release-windows-x86_64 2.6.0 16.00 66.00 82.00 OK
r-oldrel-macos-arm64 2.6.0 29.00 NOTE
r-oldrel-macos-x86_64 2.6.0 38.00 NOTE
r-oldrel-windows-x86_64 2.6.0 15.00 70.00 85.00 OK

Check Details

Version: 2.6.0
Check: installed package size
Result: NOTE installed size is 6.7Mb sub-directories of 1Mb or more: examples 2.8Mb htmlwidgets 1.1Mb www 2.7Mb Flavors: r-oldrel-macos-arm64, r-oldrel-macos-x86_64