CRAN Package Check Results for Package json64

Last updated on 2025-04-30 04:50:09 CEST.

Flavor Version Tinstall Tcheck Ttotal Status Flags
r-devel-linux-x86_64-debian-clang 0.1.3 1.59 17.10 18.69 NOTE
r-devel-linux-x86_64-debian-gcc 0.1.3 1.30 14.42 15.72 NOTE
r-devel-linux-x86_64-fedora-clang 0.1.3 29.82 OK
r-devel-linux-x86_64-fedora-gcc 0.1.3 29.46 OK
r-devel-windows-x86_64 0.1.3 2.00 45.00 47.00 OK
r-patched-linux-x86_64 0.1.3 1.40 16.49 17.89 OK
r-release-linux-x86_64 0.1.3 1.45 16.55 18.00 OK
r-release-macos-arm64 0.1.3 16.00 OK
r-release-macos-x86_64 0.1.3 24.00 OK
r-release-windows-x86_64 0.1.3 2.00 45.00 47.00 OK
r-oldrel-macos-arm64 0.1.3 16.00 NOTE
r-oldrel-macos-x86_64 0.1.3 20.00 NOTE
r-oldrel-windows-x86_64 0.1.3 4.00 44.00 48.00 NOTE

Check Details

Version: 0.1.3
Check: CRAN incoming feasibility
Result: NOTE Maintainer: ‘Mauricio Santelices <m.santelicesa@gmail.com>’ No Authors@R field in DESCRIPTION. Please add one, modifying Authors@R: person(given = "Mauricio", family = "Santelices", role = c("aut", "cre"), email = "m.santelicesa@gmail.com") as necessary. Flavors: r-devel-linux-x86_64-debian-clang, r-devel-linux-x86_64-debian-gcc

Version: 0.1.3
Check: LazyData
Result: NOTE 'LazyData' is specified without a 'data' directory Flavors: r-oldrel-macos-arm64, r-oldrel-macos-x86_64, r-oldrel-windows-x86_64