CRAN Package Check Results for Package juicr

Last updated on 2025-04-30 04:50:09 CEST.

Flavor Version Tinstall Tcheck Ttotal Status Flags
r-devel-linux-x86_64-debian-clang 0.1 8.92 64.81 73.73 NOTE
r-devel-linux-x86_64-debian-gcc 0.1 6.36 51.18 57.54 NOTE
r-devel-linux-x86_64-fedora-clang 0.1 128.79 NOTE
r-devel-linux-x86_64-fedora-gcc 0.1 128.90 NOTE
r-devel-windows-x86_64 0.1 9.00 79.00 88.00 NOTE
r-patched-linux-x86_64 0.1 8.55 62.01 70.56 NOTE
r-release-linux-x86_64 0.1 8.19 61.69 69.88 NOTE
r-release-macos-arm64 0.1 86.00 NOTE
r-release-macos-x86_64 0.1 90.00 NOTE
r-release-windows-x86_64 0.1 8.00 75.00 83.00 NOTE
r-oldrel-macos-arm64 0.1 58.00 NOTE
r-oldrel-macos-x86_64 0.1 78.00 NOTE
r-oldrel-windows-x86_64 0.1 8.00 76.00 84.00 NOTE

Check Details

Version: 0.1
Check: package subdirectories
Result: NOTE Problems with news in ‘NEWS.md’: Cannot extract version info from the following section titles: pre-release juicr (2017 - 2021) Flavors: r-devel-linux-x86_64-debian-clang, r-devel-linux-x86_64-debian-gcc, r-devel-linux-x86_64-fedora-clang, r-devel-linux-x86_64-fedora-gcc, r-devel-windows-x86_64, r-patched-linux-x86_64, r-release-linux-x86_64, r-release-macos-arm64, r-release-macos-x86_64, r-release-windows-x86_64, r-oldrel-macos-arm64, r-oldrel-macos-x86_64, r-oldrel-windows-x86_64