Last updated on 2025-04-30 04:50:09 CEST.
Flavor | Version | Tinstall | Tcheck | Ttotal | Status | Flags |
---|---|---|---|---|---|---|
r-devel-linux-x86_64-debian-clang | 0.2.6 | 4.86 | 71.96 | 76.82 | NOTE | |
r-devel-linux-x86_64-debian-gcc | 0.2.6 | 4.00 | 53.16 | 57.16 | NOTE | |
r-devel-linux-x86_64-fedora-clang | 0.2.6 | 117.68 | NOTE | |||
r-devel-linux-x86_64-fedora-gcc | 0.2.6 | 126.81 | NOTE | |||
r-devel-windows-x86_64 | 0.2.6 | 6.00 | 94.00 | 100.00 | NOTE | |
r-patched-linux-x86_64 | 0.2.6 | 4.93 | 65.97 | 70.90 | NOTE | |
r-release-linux-x86_64 | 0.2.6 | 4.57 | 67.38 | 71.95 | NOTE | |
r-release-macos-arm64 | 0.2.6 | 47.00 | NOTE | |||
r-release-macos-x86_64 | 0.2.6 | 97.00 | OK | |||
r-release-windows-x86_64 | 0.2.6 | 6.00 | 92.00 | 98.00 | NOTE | |
r-oldrel-macos-arm64 | 0.2.6 | 44.00 | OK | |||
r-oldrel-macos-x86_64 | 0.2.6 | 89.00 | OK | |||
r-oldrel-windows-x86_64 | 0.2.6 | 9.00 | 104.00 | 113.00 | OK |
Version: 0.2.6
Check: DESCRIPTION meta-information
Result: NOTE
Missing dependency on R >= 4.1.0 because package code uses the pipe
|> or function shorthand \(...) syntax added in R 4.1.0.
File(s) using such syntax:
‘export_to_json.Rd’ ‘import_from_json.Rd’
Flavors: r-devel-linux-x86_64-debian-clang, r-devel-linux-x86_64-debian-gcc, r-devel-linux-x86_64-fedora-clang, r-devel-linux-x86_64-fedora-gcc, r-devel-windows-x86_64, r-patched-linux-x86_64, r-release-linux-x86_64, r-release-macos-arm64, r-release-windows-x86_64
Version: 0.2.6
Check: examples
Result: NOTE
Examples with CPU (user + system) or elapsed time > 5s
user system elapsed
load_justifications 3.885 0.115 5.387
Flavor: r-devel-linux-x86_64-debian-clang