CRAN Package Check Results for Package kader

Last updated on 2025-04-30 04:50:09 CEST.

Flavor Version Tinstall Tcheck Ttotal Status Flags
r-devel-linux-x86_64-debian-clang 0.0.8 1.97 32.68 34.65 NOTE
r-devel-linux-x86_64-debian-gcc 0.0.8 1.72 25.21 26.93 NOTE
r-devel-linux-x86_64-fedora-clang 0.0.8 52.71 OK
r-devel-linux-x86_64-fedora-gcc 0.0.8 54.28 OK
r-devel-windows-x86_64 0.0.8 4.00 75.00 79.00 OK
r-patched-linux-x86_64 0.0.8 3.27 30.39 33.66 OK
r-release-linux-x86_64 0.0.8 2.13 30.26 32.39 OK
r-release-macos-arm64 0.0.8 21.00 OK
r-release-macos-x86_64 0.0.8 38.00 OK
r-release-windows-x86_64 0.0.8 3.00 74.00 77.00 OK
r-oldrel-macos-arm64 0.0.8 20.00 NOTE
r-oldrel-macos-x86_64 0.0.8 42.00 NOTE
r-oldrel-windows-x86_64 0.0.8 3.00 73.00 76.00 NOTE

Check Details

Version: 0.0.8
Check: CRAN incoming feasibility
Result: NOTE Maintainer: ‘Gerrit Eichner <gerrit.eichner@math.uni-giessen.de>’ Found the following URLs which should use \doi (with the DOI name only): File ‘kader.Rd’: http://dx.doi.org/10.1016/j.spl.2011.01.013 http://dx.doi.org/10.1016/j.jspi.2012.03.011 http://dx.doi.org/10.1080/10485252.2012.760737 Flavors: r-devel-linux-x86_64-debian-clang, r-devel-linux-x86_64-debian-gcc

Version: 0.0.8
Check: LazyData
Result: NOTE 'LazyData' is specified without a 'data' directory Flavors: r-oldrel-macos-arm64, r-oldrel-macos-x86_64, r-oldrel-windows-x86_64